Last updated on 2024-05-04 01:48:48 CEST.
Flavor | Version | Tinstall | Tcheck | Ttotal | Status | Flags |
---|---|---|---|---|---|---|
r-devel-linux-x86_64-debian-clang | 3.1-3 | 17.92 | 276.08 | 294.00 | OK | |
r-devel-linux-x86_64-fedora-clang | 3.1-3 | 351.74 | OK | |||
r-devel-linux-x86_64-fedora-gcc | 3.1-3 | 334.78 | OK | |||
r-devel-windows-x86_64 | 3.1-3 | 13.00 | 202.00 | 215.00 | OK | |
r-patched-linux-x86_64 | 3.1-3 | 10.72 | 261.55 | 272.27 | OK | |
r-release-linux-x86_64 | 3.1-3 | 11.03 | 263.54 | 274.57 | OK | |
r-release-macos-arm64 | 3.1-3 | 96.00 | OK | |||
r-release-windows-x86_64 | 3.1-3 | 14.00 | 202.00 | 216.00 | OK | |
r-oldrel-macos-arm64 | 3.1-3 | 108.00 | OK | |||
r-oldrel-macos-x86_64 | 3.1-3 | 183.00 | NOTE | |||
r-oldrel-windows-x86_64 | 3.1-3 | 18.00 | 256.00 | 274.00 | OK |
Version: 3.1-3
Check: package dependencies
Result: NOTE
Package suggested but not available for checking: ‘pbkrtest’
Flavor: r-oldrel-macos-x86_64
Version: 3.1-3
Check: Rd cross-references
Result: NOTE
Package unavailable to check Rd xrefs: ‘pbkrtest’
Flavor: r-oldrel-macos-x86_64
These binaries (installable software) and packages are in development.
They may not be fully stable and should be used with caution. We make no claims about them.