Last updated on 2024-05-04 01:48:48 CEST.
Flavor | Version | Tinstall | Tcheck | Ttotal | Status | Flags |
---|---|---|---|---|---|---|
r-devel-linux-x86_64-debian-clang | 1.3.1 | 706.12 | 351.73 | 1057.85 | OK | |
r-devel-linux-x86_64-fedora-clang | 1.3.1 | 1652.11 | OK | |||
r-devel-linux-x86_64-fedora-gcc | 1.3.1 | 1673.55 | OK | |||
r-devel-windows-x86_64 | 1.3.1 | 531.00 | 352.00 | 883.00 | OK | |
r-patched-linux-x86_64 | 1.3.1 | 514.19 | 317.22 | 831.41 | OK | |
r-release-linux-x86_64 | 1.3.1 | 562.65 | 339.30 | 901.95 | OK | |
r-release-macos-arm64 | 1.3.1 | 283.00 | NOTE | |||
r-release-windows-x86_64 | 1.3.1 | 534.00 | 342.00 | 876.00 | OK | |
r-oldrel-macos-arm64 | 1.3.1 | 287.00 | NOTE | |||
r-oldrel-macos-x86_64 | 1.3.1 | 468.00 | NOTE | |||
r-oldrel-windows-x86_64 | 1.3.1 | 666.00 | 435.00 | 1101.00 | OK |
Version: 1.3.1
Check: installed package size
Result: NOTE
installed size is 17.2Mb
sub-directories of 1Mb or more:
libs 16.5Mb
Flavors: r-release-macos-arm64, r-oldrel-macos-arm64, r-oldrel-macos-x86_64
These binaries (installable software) and packages are in development.
They may not be fully stable and should be used with caution. We make no claims about them.