Last updated on 2024-05-04 01:48:48 CEST.
Flavor | Version | Tinstall | Tcheck | Ttotal | Status | Flags |
---|---|---|---|---|---|---|
r-devel-linux-x86_64-debian-clang | 1.2 | 86.58 | 37.11 | 123.69 | NOTE | |
r-devel-linux-x86_64-fedora-clang | 1.2 | 183.50 | NOTE | |||
r-devel-linux-x86_64-fedora-gcc | 1.2 | 181.68 | NOTE | |||
r-devel-windows-x86_64 | 1.2 | 67.00 | 72.00 | 139.00 | NOTE | |
r-patched-linux-x86_64 | 1.2 | 84.00 | 36.81 | 120.81 | NOTE | |
r-release-linux-x86_64 | 1.2 | 93.89 | 35.59 | 129.48 | NOTE | |
r-release-macos-arm64 | 1.2 | 38.00 | NOTE | |||
r-release-windows-x86_64 | 1.2 | 67.00 | 72.00 | 139.00 | NOTE | |
r-oldrel-macos-arm64 | 1.2 | 47.00 | NOTE | |||
r-oldrel-macos-x86_64 | 1.2 | 77.00 | NOTE | |||
r-oldrel-windows-x86_64 | 1.2 | 84.00 | 81.00 | 165.00 | NOTE |
Version: 1.2
Check: C++ specification
Result: NOTE
Specified C++11: please drop specification unless essential
Flavors: r-devel-linux-x86_64-debian-clang, r-devel-linux-x86_64-fedora-clang, r-devel-linux-x86_64-fedora-gcc, r-devel-windows-x86_64, r-patched-linux-x86_64, r-release-linux-x86_64, r-release-macos-arm64, r-release-windows-x86_64, r-oldrel-macos-arm64, r-oldrel-macos-x86_64, r-oldrel-windows-x86_64
Version: 1.2
Check: Rd files
Result: NOTE
checkRd: (-1) StEM_pcirt.Rd:11: Lost braces; missing escapes or markup?
11 | \item{response}{N by J matrix containing {0,1,...,M-1} responses, where N is the number of respondents and J is the number of items.}
| ^
Flavors: r-devel-linux-x86_64-debian-clang, r-devel-linux-x86_64-fedora-clang, r-devel-linux-x86_64-fedora-gcc, r-devel-windows-x86_64, r-patched-linux-x86_64, r-release-linux-x86_64, r-release-macos-arm64, r-release-windows-x86_64
These binaries (installable software) and packages are in development.
They may not be fully stable and should be used with caution. We make no claims about them.