Last updated on 2024-05-04 01:48:48 CEST.
Flavor | Version | Tinstall | Tcheck | Ttotal | Status | Flags |
---|---|---|---|---|---|---|
r-devel-linux-x86_64-debian-clang | 0.9.2 | 11.92 | 736.12 | 748.04 | OK | |
r-devel-linux-x86_64-fedora-clang | 0.9.2 | 877.34 | NOTE | |||
r-devel-linux-x86_64-fedora-gcc | 0.9.2 | 483.13 | NOTE | |||
r-devel-windows-x86_64 | 0.9.2 | 12.00 | 515.00 | 527.00 | OK | |
r-patched-linux-x86_64 | 0.9.2 | 10.98 | 686.76 | 697.74 | OK | |
r-release-linux-x86_64 | 0.9.2 | 6.04 | 682.40 | 688.44 | OK | |
r-release-macos-arm64 | 0.9.2 | 41.00 | OK | |||
r-release-macos-x86_64 | 0.9.2 | 82.00 | OK | |||
r-release-windows-x86_64 | 0.9.2 | 10.00 | 498.00 | 508.00 | OK | |
r-oldrel-macos-arm64 | 0.9.2 | 44.00 | OK | |||
r-oldrel-macos-x86_64 | 0.9.2 | 91.00 | OK | |||
r-oldrel-windows-x86_64 | 0.9.2 | 12.00 | 678.00 | 690.00 | OK |
Version: 0.9.2
Check: data for non-ASCII characters
Result: NOTE
Note: found 3 marked UTF-8 strings
Flavors: r-devel-linux-x86_64-fedora-clang, r-devel-linux-x86_64-fedora-gcc
These binaries (installable software) and packages are in development.
They may not be fully stable and should be used with caution. We make no claims about them.