Last updated on 2024-05-04 01:48:49 CEST.
Flavor | Version | Tinstall | Tcheck | Ttotal | Status | Flags |
---|---|---|---|---|---|---|
r-devel-linux-x86_64-debian-clang | 2.0.8 | 5.21 | 186.06 | 191.27 | NOTE | |
r-devel-linux-x86_64-fedora-clang | 2.0.8 | 225.45 | NOTE | |||
r-devel-linux-x86_64-fedora-gcc | 2.0.8 | 218.66 | NOTE | |||
r-devel-windows-x86_64 | 2.0.8 | 8.00 | 149.00 | 157.00 | NOTE | |
r-patched-linux-x86_64 | 2.0.8 | 5.72 | 164.74 | 170.46 | NOTE | |
r-release-linux-x86_64 | 2.0.8 | 4.13 | 169.40 | 173.53 | NOTE | |
r-release-macos-arm64 | 2.0.8 | 63.00 | NOTE | |||
r-release-windows-x86_64 | 2.0.8 | 8.00 | 143.00 | 151.00 | NOTE | |
r-oldrel-macos-arm64 | 2.0.8 | 66.00 | OK | |||
r-oldrel-macos-x86_64 | 2.0.8 | 116.00 | OK | |||
r-oldrel-windows-x86_64 | 2.0.8 | 9.00 | 195.00 | 204.00 | OK |
Version: 2.0.8
Check: Rd files
Result: NOTE
checkRd: (-1) marqLevAlg-package.Rd:14: Lost braces; missing escapes or markup?
14 | (GH^{-1}G).
| ^
Flavors: r-devel-linux-x86_64-debian-clang, r-devel-linux-x86_64-fedora-clang, r-devel-linux-x86_64-fedora-gcc, r-devel-windows-x86_64, r-patched-linux-x86_64, r-release-linux-x86_64, r-release-macos-arm64, r-release-windows-x86_64
These binaries (installable software) and packages are in development.
They may not be fully stable and should be used with caution. We make no claims about them.