Last updated on 2024-05-04 01:48:49 CEST.
Flavor | Version | Tinstall | Tcheck | Ttotal | Status | Flags |
---|---|---|---|---|---|---|
r-devel-linux-x86_64-debian-clang | 0.3 | 112.98 | 33.68 | 146.66 | OK | |
r-devel-linux-x86_64-fedora-clang | 0.3 | 175.49 | OK | |||
r-devel-linux-x86_64-fedora-gcc | 0.3 | 236.19 | OK | |||
r-devel-windows-x86_64 | 0.3 | 82.00 | 73.00 | 155.00 | OK | |
r-patched-linux-x86_64 | 0.3 | 114.45 | 41.26 | 155.71 | OK | |
r-release-linux-x86_64 | 0.3 | 125.98 | 42.24 | 168.22 | OK | |
r-release-macos-arm64 | 0.3 | 53.00 | NOTE | |||
r-release-macos-x86_64 | 0.3 | 151.00 | NOTE | |||
r-release-windows-x86_64 | 0.3 | 84.00 | 72.00 | 156.00 | OK | |
r-oldrel-macos-arm64 | 0.3 | 56.00 | NOTE | |||
r-oldrel-macos-x86_64 | 0.3 | 131.00 | NOTE | |||
r-oldrel-windows-x86_64 | 0.3 | 106.00 | 79.00 | 185.00 | OK |
Version: 0.3
Check: installed package size
Result: NOTE
installed size is 49.1Mb
sub-directories of 1Mb or more:
libs 48.8Mb
Flavors: r-release-macos-arm64, r-release-macos-x86_64, r-oldrel-macos-arm64, r-oldrel-macos-x86_64
These binaries (installable software) and packages are in development.
They may not be fully stable and should be used with caution. We make no claims about them.