Last updated on 2024-05-04 01:48:49 CEST.
Flavor | Version | Tinstall | Tcheck | Ttotal | Status | Flags |
---|---|---|---|---|---|---|
r-devel-linux-x86_64-debian-clang | 1.0-4 | 239.39 | 165.87 | 405.26 | OK | |
r-devel-linux-x86_64-fedora-clang | 1.0-4 | 562.81 | NOTE | |||
r-devel-linux-x86_64-fedora-gcc | 1.0-4 | 574.78 | OK | |||
r-devel-windows-x86_64 | 1.0-4 | 177.00 | 177.00 | 354.00 | NOTE | |
r-patched-linux-x86_64 | 1.0-4 | 229.69 | 159.03 | 388.72 | OK | |
r-release-linux-x86_64 | 1.0-4 | 220.69 | 154.90 | 375.59 | OK | |
r-release-macos-arm64 | 1.0-4 | 112.00 | NOTE | |||
r-release-windows-x86_64 | 1.0-4 | 168.00 | 178.00 | 346.00 | NOTE | |
r-oldrel-macos-arm64 | 1.0-4 | 120.00 | NOTE | |||
r-oldrel-macos-x86_64 | 1.0-4 | 152.00 | NOTE | |||
r-oldrel-windows-x86_64 | 1.0-4 | 209.00 | 212.00 | 421.00 | NOTE |
Version: 1.0-4
Check: installed package size
Result: NOTE
installed size is 5.1Mb
sub-directories of 1Mb or more:
java 3.3Mb
Flavors: r-devel-linux-x86_64-fedora-clang, r-devel-windows-x86_64, r-release-macos-arm64, r-release-windows-x86_64, r-oldrel-macos-arm64, r-oldrel-macos-x86_64, r-oldrel-windows-x86_64
These binaries (installable software) and packages are in development.
They may not be fully stable and should be used with caution. We make no claims about them.