Last updated on 2024-05-04 01:48:49 CEST.
Flavor | Version | Tinstall | Tcheck | Ttotal | Status | Flags |
---|---|---|---|---|---|---|
r-devel-linux-x86_64-debian-clang | 0.1.0 | 15.52 | 147.05 | 162.57 | OK | |
r-devel-linux-x86_64-fedora-clang | 0.1.0 | 205.81 | NOTE | |||
r-devel-linux-x86_64-fedora-gcc | 0.1.0 | 201.50 | NOTE | |||
r-devel-windows-x86_64 | 0.1.0 | 13.00 | 124.00 | 137.00 | OK | |
r-patched-linux-x86_64 | 0.1.0 | 9.85 | 136.02 | 145.87 | OK | |
r-release-linux-x86_64 | 0.1.0 | 10.66 | 139.37 | 150.03 | OK | |
r-release-macos-arm64 | 0.1.0 | 59.00 | OK | |||
r-release-windows-x86_64 | 0.1.0 | 14.00 | 119.00 | 133.00 | OK | |
r-oldrel-macos-arm64 | 0.1.0 | 66.00 | OK | |||
r-oldrel-macos-x86_64 | 0.1.0 | 127.00 | OK | |||
r-oldrel-windows-x86_64 | 0.1.0 | 19.00 | 141.00 | 160.00 | OK |
Version: 0.1.0
Check: dependencies in R code
Result: NOTE
Namespace in Imports field not imported from: ‘formatR’
All declared Imports should be used.
Flavors: r-devel-linux-x86_64-fedora-clang, r-devel-linux-x86_64-fedora-gcc
These binaries (installable software) and packages are in development.
They may not be fully stable and should be used with caution. We make no claims about them.