Last updated on 2024-05-04 01:48:49 CEST.
Flavor | Version | Tinstall | Tcheck | Ttotal | Status | Flags |
---|---|---|---|---|---|---|
r-devel-linux-x86_64-debian-clang | 0.2.7 | 33.89 | 124.37 | 158.26 | OK | |
r-devel-linux-x86_64-fedora-clang | 0.2.7 | 197.06 | NOTE | |||
r-devel-linux-x86_64-fedora-gcc | 0.2.7 | 185.34 | OK | |||
r-devel-windows-x86_64 | 0.2.7 | 30.00 | 140.00 | 170.00 | OK | |
r-patched-linux-x86_64 | 0.2.7 | 32.71 | 118.24 | 150.95 | OK | |
r-release-linux-x86_64 | 0.2.7 | 21.55 | 115.29 | 136.84 | OK | |
r-release-macos-arm64 | 0.2.7 | 75.00 | OK | |||
r-release-windows-x86_64 | 0.2.7 | 28.00 | 137.00 | 165.00 | OK | |
r-oldrel-macos-arm64 | 0.2.7 | 88.00 | OK | |||
r-oldrel-macos-x86_64 | 0.2.7 | 139.00 | OK | |||
r-oldrel-windows-x86_64 | 0.2.7 | 35.00 | 170.00 | 205.00 | OK |
Version: 0.2.7
Check: Rd cross-references
Result: NOTE
Undeclared package ‘NLP’ in Rd xrefs
Flavor: r-devel-linux-x86_64-fedora-clang
These binaries (installable software) and packages are in development.
They may not be fully stable and should be used with caution. We make no claims about them.