Last updated on 2024-05-04 01:48:49 CEST.
Flavor | Version | Tinstall | Tcheck | Ttotal | Status | Flags |
---|---|---|---|---|---|---|
r-devel-linux-x86_64-debian-clang | 6.1.1 | 58.94 | 295.28 | 354.22 | OK | |
r-devel-linux-x86_64-fedora-clang | 6.1.1 | 454.02 | NOTE | |||
r-devel-linux-x86_64-fedora-gcc | 6.1.1 | 402.28 | OK | |||
r-devel-windows-x86_64 | 6.1.1 | 47.00 | 255.00 | 302.00 | NOTE | |
r-patched-linux-x86_64 | 6.1.1 | 47.92 | 253.59 | 301.51 | OK | |
r-release-linux-x86_64 | 6.1 | 47.49 | 251.10 | 298.59 | OK | |
r-release-macos-arm64 | 6.1.1 | 127.00 | NOTE | |||
r-release-macos-x86_64 | 6.1.1 | 346.00 | NOTE | |||
r-release-windows-x86_64 | 6.1.1 | 43.00 | 248.00 | 291.00 | NOTE | |
r-oldrel-macos-arm64 | 6.1.1 | 133.00 | NOTE | |||
r-oldrel-macos-x86_64 | 6.1.1 | 353.00 | NOTE | |||
r-oldrel-windows-x86_64 | 6.1.1 | 52.00 | 267.00 | 319.00 | NOTE |
Version: 6.1.1
Check: installed package size
Result: NOTE
installed size is 5.3Mb
sub-directories of 1Mb or more:
doc 2.9Mb
Flavors: r-devel-linux-x86_64-fedora-clang, r-devel-windows-x86_64, r-release-macos-arm64, r-release-macos-x86_64, r-release-windows-x86_64, r-oldrel-macos-arm64, r-oldrel-macos-x86_64, r-oldrel-windows-x86_64
These binaries (installable software) and packages are in development.
They may not be fully stable and should be used with caution. We make no claims about them.