Last updated on 2025-10-23 21:51:32 CEST.
| Flavor | Version | Tinstall | Tcheck | Ttotal | Status | Flags |
|---|---|---|---|---|---|---|
| r-devel-linux-x86_64-debian-clang | 0.6 | 12.32 | 94.25 | 106.57 | OK | |
| r-devel-linux-x86_64-debian-gcc | 0.6 | 8.11 | 69.14 | 77.25 | NOTE | |
| r-devel-linux-x86_64-fedora-clang | 0.6 | 37.00 | 128.49 | 165.49 | OK | |
| r-devel-linux-x86_64-fedora-gcc | 0.6 | 27.00 | 126.82 | 153.82 | OK | |
| r-devel-windows-x86_64 | 0.6 | 13.00 | 107.00 | 120.00 | OK | |
| r-patched-linux-x86_64 | 0.6 | 13.54 | 89.24 | 102.78 | OK | |
| r-release-linux-x86_64 | 0.6 | 12.63 | 89.94 | 102.57 | OK | |
| r-release-macos-arm64 | 0.6 | 5.00 | 42.00 | 47.00 | OK | |
| r-release-macos-x86_64 | 0.6 | 18.00 | 92.00 | 110.00 | OK | |
| r-release-windows-x86_64 | 0.6 | 12.00 | 107.00 | 119.00 | OK | |
| r-oldrel-macos-arm64 | 0.6 | 6.00 | 37.00 | 43.00 | OK | |
| r-oldrel-macos-x86_64 | 0.6 | 11.00 | 60.00 | 71.00 | OK | |
| r-oldrel-windows-x86_64 | 0.6 | 19.00 | 132.00 | 151.00 | OK |
Version: 0.6
Check: Rd files
Result: NOTE
checkRd: (-1) mc_chain_subset.Rd:30-42: Only 2 columns allowed in this table (row 1 has 1)
Flavor: r-devel-linux-x86_64-debian-gcc
These binaries (installable software) and packages are in development.
They may not be fully stable and should be used with caution. We make no claims about them.