Last updated on 2024-05-04 01:48:49 CEST.
Flavor | Version | Tinstall | Tcheck | Ttotal | Status | Flags |
---|---|---|---|---|---|---|
r-devel-linux-x86_64-debian-clang | 1.1.0 | 22.30 | 246.22 | 268.52 | OK | |
r-devel-linux-x86_64-fedora-clang | 1.1.0 | 320.02 | NOTE | |||
r-devel-linux-x86_64-fedora-gcc | 1.1.0 | 337.30 | OK | |||
r-devel-windows-x86_64 | 1.1.0 | 17.00 | 187.00 | 204.00 | OK | |
r-patched-linux-x86_64 | 1.1.0 | 20.36 | 230.24 | 250.60 | OK | |
r-release-linux-x86_64 | 1.1.0 | 14.70 | 231.99 | 246.69 | OK | |
r-release-macos-arm64 | 1.1.0 | 93.00 | OK | |||
r-release-windows-x86_64 | 1.1.0 | 16.00 | 184.00 | 200.00 | OK | |
r-oldrel-macos-arm64 | 1.1.0 | 89.00 | OK | |||
r-oldrel-macos-x86_64 | 1.1.0 | 169.00 | OK | |||
r-oldrel-windows-x86_64 | 1.1.0 | 21.00 | 237.00 | 258.00 | OK |
Version: 1.1.0
Check: Rd cross-references
Result: NOTE
Undeclared package ‘cli’ in Rd xrefs
Flavor: r-devel-linux-x86_64-fedora-clang
These binaries (installable software) and packages are in development.
They may not be fully stable and should be used with caution. We make no claims about them.