Last updated on 2024-05-04 01:48:49 CEST.
Flavor | Version | Tinstall | Tcheck | Ttotal | Status | Flags |
---|---|---|---|---|---|---|
r-devel-linux-x86_64-debian-clang | 1.11.3 | 421.02 | 508.08 | 929.10 | OK | |
r-devel-linux-x86_64-fedora-clang | 1.11.3 | 1220.24 | OK | |||
r-devel-linux-x86_64-fedora-gcc | 1.11.3 | 702.65 | OK | |||
r-devel-windows-x86_64 | 1.11.3 | 288.00 | 593.00 | 881.00 | OK | |
r-patched-linux-x86_64 | 1.11.3 | 400.06 | 530.83 | 930.89 | OK | |
r-release-linux-x86_64 | 1.11.3 | 418.93 | 543.56 | 962.49 | OK | |
r-release-macos-arm64 | 1.11.3 | 319.00 | NOTE | |||
r-release-macos-x86_64 | 1.11.3 | 793.00 | NOTE | |||
r-release-windows-x86_64 | 1.11.3 | 286.00 | 585.00 | 871.00 | OK | |
r-oldrel-macos-arm64 | 1.11.3 | 315.00 | NOTE | |||
r-oldrel-macos-x86_64 | 1.11.3 | 666.00 | NOTE | |||
r-oldrel-windows-x86_64 | 1.11.3 | 367.00 | 634.00 | 1001.00 | OK |
Version: 1.11.3
Check: installed package size
Result: NOTE
installed size is 155.5Mb
sub-directories of 1Mb or more:
libs 154.0Mb
Flavors: r-release-macos-arm64, r-release-macos-x86_64, r-oldrel-macos-arm64, r-oldrel-macos-x86_64
These binaries (installable software) and packages are in development.
They may not be fully stable and should be used with caution. We make no claims about them.