Last updated on 2025-11-17 05:49:43 CET.
| Flavor | Version | Tinstall | Tcheck | Ttotal | Status | Flags |
|---|---|---|---|---|---|---|
| r-devel-linux-x86_64-debian-clang | 1.3-1 | 1.84 | 27.15 | 28.99 | OK | |
| r-devel-linux-x86_64-debian-gcc | 1.3-1 | 1.46 | 21.52 | 22.98 | NOTE | |
| r-devel-linux-x86_64-fedora-clang | 1.3-1 | 16.00 | 30.84 | 46.84 | OK | |
| r-devel-linux-x86_64-fedora-gcc | 1.3-1 | 55.05 | OK | |||
| r-devel-windows-x86_64 | 1.3-1 | 6.00 | 46.00 | 52.00 | OK | |
| r-patched-linux-x86_64 | 1.3-1 | 2.18 | 25.02 | 27.20 | OK | |
| r-release-linux-x86_64 | 1.3-1 | 2.17 | 25.05 | 27.22 | OK | |
| r-release-macos-arm64 | 1.3-1 | 2.00 | 22.00 | 24.00 | OK | |
| r-release-macos-x86_64 | 1.3-1 | 2.00 | 39.00 | 41.00 | OK | |
| r-release-windows-x86_64 | 1.3-1 | 5.00 | 53.00 | 58.00 | OK | |
| r-oldrel-macos-arm64 | 1.3-1 | 1.00 | 26.00 | 27.00 | OK | |
| r-oldrel-macos-x86_64 | 1.3-1 | 3.00 | 56.00 | 59.00 | OK | |
| r-oldrel-windows-x86_64 | 1.3-1 | 6.00 | 52.00 | 58.00 | OK |
Version: 1.3-1
Check: CRAN incoming feasibility
Result: NOTE
Maintainer: ‘Eric Marcon <eric.marcon@agroparistech.fr>’
The BugReports field in DESCRIPTION has
https://github.com/EricMarcon/memoiR/issues/
which should likely be
https://github.com/EricMarcon/memoiR/issues/issues
instead.
Flavor: r-devel-linux-x86_64-debian-gcc
These binaries (installable software) and packages are in development.
They may not be fully stable and should be used with caution. We make no claims about them.