Last updated on 2024-05-04 01:48:49 CEST.
Flavor | Version | Tinstall | Tcheck | Ttotal | Status | Flags |
---|---|---|---|---|---|---|
r-devel-linux-x86_64-debian-clang | 0.1.3 | 43.74 | 27.10 | 70.84 | NOTE | |
r-devel-linux-x86_64-fedora-clang | 0.1.3 | 98.63 | NOTE | |||
r-devel-linux-x86_64-fedora-gcc | 0.1.3 | 93.33 | NOTE | |||
r-devel-windows-x86_64 | 0.1.3 | 32.00 | 64.00 | 96.00 | NOTE | |
r-patched-linux-x86_64 | 0.1.3 | 37.65 | 25.76 | 63.41 | NOTE | |
r-release-linux-x86_64 | 0.1.3 | 39.34 | 26.00 | 65.34 | NOTE | |
r-release-macos-arm64 | 0.1.3 | 23.00 | NOTE | |||
r-release-windows-x86_64 | 0.1.3 | 31.00 | 61.00 | 92.00 | NOTE | |
r-oldrel-macos-arm64 | 0.1.3 | 28.00 | NOTE | |||
r-oldrel-macos-x86_64 | 0.1.3 | 43.00 | NOTE | |||
r-oldrel-windows-x86_64 | 0.1.3 | 30.00 | 66.00 | 96.00 | NOTE |
Version: 0.1.3
Check: LazyData
Result: NOTE
'LazyData' is specified without a 'data' directory
Flavors: r-devel-linux-x86_64-debian-clang, r-devel-linux-x86_64-fedora-clang, r-devel-linux-x86_64-fedora-gcc, r-devel-windows-x86_64, r-patched-linux-x86_64, r-release-linux-x86_64, r-release-macos-arm64, r-release-windows-x86_64, r-oldrel-macos-arm64, r-oldrel-macos-x86_64, r-oldrel-windows-x86_64
These binaries (installable software) and packages are in development.
They may not be fully stable and should be used with caution. We make no claims about them.