Last updated on 2024-05-04 01:48:49 CEST.
Flavor | Version | Tinstall | Tcheck | Ttotal | Status | Flags |
---|---|---|---|---|---|---|
r-devel-linux-x86_64-debian-clang | 1.0.7 | 1.97 | 41.59 | 43.56 | NOTE | |
r-devel-linux-x86_64-fedora-clang | 1.0.7 | 142.13 | NOTE | |||
r-devel-linux-x86_64-fedora-gcc | 1.0.7 | 132.68 | NOTE | |||
r-devel-windows-x86_64 | 1.0.7 | 3.00 | 46.00 | 49.00 | NOTE | --no-vignettes |
r-patched-linux-x86_64 | 1.0.7 | 2.15 | 96.70 | 98.85 | NOTE | |
r-release-linux-x86_64 | 1.0.7 | 2.36 | 96.12 | 98.48 | NOTE | |
r-release-macos-arm64 | 1.0.7 | 43.00 | NOTE | |||
r-release-windows-x86_64 | 1.0.7 | 3.00 | 46.00 | 49.00 | NOTE | --no-vignettes |
r-oldrel-macos-arm64 | 1.0.7 | 65.00 | OK | |||
r-oldrel-macos-x86_64 | 1.0.7 | 123.00 | OK | |||
r-oldrel-windows-x86_64 | 1.0.7 | 4.00 | 45.00 | 49.00 | OK | --no-vignettes |
Version: 1.0.7
Check: package dependencies
Result: NOTE
Package suggested but not available for checking: ‘DESeq2’
Flavor: r-devel-linux-x86_64-debian-clang
Version: 1.0.7
Check: Rd files
Result: NOTE
checkRd: (-1) param.Rd:29: Lost braces
29 | T. Strub, S. Giuliano, T. Ye, et al. (2011) Essential role of microphthalmia transcription factor for DNA replication, mitosis and genomic stability in melanoma. emph{Oncogene} \bold{30}:2319-32.
| ^
Flavors: r-devel-linux-x86_64-debian-clang, r-devel-linux-x86_64-fedora-clang, r-devel-linux-x86_64-fedora-gcc, r-patched-linux-x86_64, r-release-linux-x86_64, r-release-macos-arm64
Version: 1.0.7
Flags: --no-vignettes
Check: Rd files
Result: NOTE
checkRd: (-1) param.Rd:29: Lost braces
29 | T. Strub, S. Giuliano, T. Ye, et al. (2011) Essential role of microphthalmia transcription factor for DNA replication, mitosis and genomic stability in melanoma. emph{Oncogene} \bold{30}:2319-32.
| ^
Flavors: r-devel-windows-x86_64, r-release-windows-x86_64
These binaries (installable software) and packages are in development.
They may not be fully stable and should be used with caution. We make no claims about them.