Last updated on 2024-05-04 01:48:49 CEST.
Flavor | Version | Tinstall | Tcheck | Ttotal | Status | Flags |
---|---|---|---|---|---|---|
r-devel-linux-x86_64-debian-clang | 1.16 | 148.82 | 227.09 | 375.91 | OK | |
r-devel-linux-x86_64-fedora-clang | 1.16 | 487.56 | NOTE | |||
r-devel-linux-x86_64-fedora-gcc | 1.16 | 513.73 | NOTE | |||
r-devel-windows-x86_64 | 1.16 | 112.00 | 218.00 | 330.00 | OK | |
r-patched-linux-x86_64 | 1.16 | 142.80 | 223.82 | 366.62 | OK | |
r-release-linux-x86_64 | 1.16 | 139.00 | 212.03 | 351.03 | OK | |
r-release-macos-arm64 | 1.16 | 102.00 | NOTE | |||
r-release-windows-x86_64 | 1.16 | 108.00 | 208.00 | 316.00 | OK | |
r-oldrel-macos-arm64 | 1.16 | 116.00 | NOTE | |||
r-oldrel-macos-x86_64 | 1.16 | 292.00 | NOTE | |||
r-oldrel-windows-x86_64 | 1.16 | 140.00 | 255.00 | 395.00 | OK |
Version: 1.16
Check: data for non-ASCII characters
Result: NOTE
Note: found 6 marked UTF-8 strings
Flavors: r-devel-linux-x86_64-fedora-clang, r-devel-linux-x86_64-fedora-gcc
Version: 1.16
Check: installed package size
Result: NOTE
installed size is 9.6Mb
sub-directories of 1Mb or more:
data 1.1Mb
libs 6.5Mb
Flavors: r-release-macos-arm64, r-oldrel-macos-arm64, r-oldrel-macos-x86_64
These binaries (installable software) and packages are in development.
They may not be fully stable and should be used with caution. We make no claims about them.