Last updated on 2024-07-03 21:51:41 CEST.
Flavor | Version | Tinstall | Tcheck | Ttotal | Status | Flags |
---|---|---|---|---|---|---|
r-devel-linux-x86_64-debian-clang | 3.17-44 | 179.43 | 220.12 | 399.55 | OK | |
r-devel-linux-x86_64-debian-gcc | 3.17-44 | 115.46 | 158.95 | 274.41 | OK | |
r-devel-linux-x86_64-fedora-clang | 3.17-44 | 545.01 | OK | |||
r-devel-linux-x86_64-fedora-gcc | 3.17-44 | 531.34 | OK | |||
r-devel-windows-x86_64 | 3.17-44 | 137.00 | 209.00 | 346.00 | OK | |
r-patched-linux-x86_64 | 3.17-44 | 101.23 | 212.87 | 314.10 | OK | |
r-release-linux-x86_64 | 3.17-44 | 115.59 | 209.68 | 325.27 | OK | |
r-release-macos-arm64 | 3.17-44 | 113.00 | NOTE | |||
r-release-macos-x86_64 | 3.17-44 | 152.00 | NOTE | |||
r-release-windows-x86_64 | 3.17-44 | 134.00 | 211.00 | 345.00 | OK | |
r-oldrel-macos-arm64 | 3.17-44 | 113.00 | NOTE | |||
r-oldrel-macos-x86_64 | 3.17-44 | 182.00 | NOTE | |||
r-oldrel-windows-x86_64 | 3.17-44 | 173.00 | 272.00 | 445.00 | OK |
Version: 3.17-44
Check: installed package size
Result: NOTE
installed size is 7.3Mb
sub-directories of 1Mb or more:
libs 5.6Mb
Flavors: r-release-macos-arm64, r-release-macos-x86_64, r-oldrel-macos-arm64, r-oldrel-macos-x86_64
These binaries (installable software) and packages are in development.
They may not be fully stable and should be used with caution. We make no claims about them.