Last updated on 2025-11-04 13:50:19 CET.
| Flavor | Version | Tinstall | Tcheck | Ttotal | Status | Flags |
|---|---|---|---|---|---|---|
| r-devel-linux-x86_64-debian-clang | 3.18-36 | 111.76 | 180.37 | 292.13 | OK | |
| r-devel-linux-x86_64-debian-gcc | 3.18-36 | 72.55 | 122.18 | 194.73 | OK | |
| r-devel-linux-x86_64-fedora-clang | 3.18-36 | 378.00 | 139.25 | 517.25 | OK | |
| r-devel-linux-x86_64-fedora-gcc | 3.18-36 | 186.00 | 270.07 | 456.07 | OK | |
| r-devel-windows-x86_64 | 3.18-36 | 125.00 | 214.00 | 339.00 | OK | |
| r-patched-linux-x86_64 | 3.18-36 | 108.94 | 168.48 | 277.42 | OK | |
| r-release-linux-x86_64 | 3.18-36 | 109.00 | 168.71 | 277.71 | OK | |
| r-release-macos-arm64 | 3.18-36 | 39.00 | 64.00 | 103.00 | OK | |
| r-release-macos-x86_64 | 3.18-36 | 53.00 | 145.00 | 198.00 | OK | |
| r-release-windows-x86_64 | 3.18-36 | 141.00 | 216.00 | 357.00 | OK | |
| r-oldrel-macos-arm64 | 3.18-36 | 40.00 | 70.00 | 110.00 | NOTE | |
| r-oldrel-macos-x86_64 | 3.18-36 | 49.00 | 146.00 | 195.00 | NOTE | |
| r-oldrel-windows-x86_64 | 3.18-36 | 155.00 | 269.00 | 424.00 | OK |
Version: 3.18-36
Check: installed package size
Result: NOTE
installed size is 7.8Mb
sub-directories of 1Mb or more:
libs 6.1Mb
Flavors: r-oldrel-macos-arm64, r-oldrel-macos-x86_64
These binaries (installable software) and packages are in development.
They may not be fully stable and should be used with caution. We make no claims about them.