Last updated on 2024-05-04 01:48:49 CEST.
Flavor | Version | Tinstall | Tcheck | Ttotal | Status | Flags |
---|---|---|---|---|---|---|
r-devel-linux-x86_64-debian-clang | 1.5.3 | 112.85 | 44.32 | 157.17 | NOTE | |
r-devel-linux-x86_64-fedora-clang | 1.5.3 | 245.38 | NOTE | |||
r-devel-linux-x86_64-fedora-gcc | 1.5.3 | 217.84 | NOTE | |||
r-devel-windows-x86_64 | 1.5.3 | 87.00 | 77.00 | 164.00 | NOTE | |
r-patched-linux-x86_64 | 1.5.3 | 100.31 | 41.84 | 142.15 | NOTE | |
r-release-linux-x86_64 | 1.5.3 | 109.19 | 42.49 | 151.68 | NOTE | |
r-release-macos-arm64 | 1.5.3 | 44.00 | NOTE | |||
r-release-windows-x86_64 | 1.5.3 | 84.00 | 74.00 | 158.00 | NOTE | |
r-oldrel-macos-arm64 | 1.5.3 | 59.00 | NOTE | |||
r-oldrel-macos-x86_64 | 1.5.3 | 99.00 | NOTE | |||
r-oldrel-windows-x86_64 | 1.5.3 | 103.00 | 84.00 | 187.00 | NOTE |
Version: 1.5.3
Check: C++ specification
Result: NOTE
Specified C++14: please drop specification unless essential
Flavors: r-devel-linux-x86_64-debian-clang, r-devel-linux-x86_64-fedora-clang, r-devel-linux-x86_64-fedora-gcc, r-devel-windows-x86_64, r-patched-linux-x86_64, r-release-linux-x86_64, r-release-macos-arm64, r-release-windows-x86_64, r-oldrel-macos-arm64, r-oldrel-macos-x86_64, r-oldrel-windows-x86_64
Version: 1.5.3
Check: Rd files
Result: NOTE
checkRd: (-1) discretizeMutual.Rd:58: Lost braces
58 | \item{two vectors containing the cutpoints for each variable : \emph{cutpoints1} corresponds to /emph{myDist1}, /emph{cutpoints2} corresponds to /emph{myDist2}.}
| ^
checkRd: (-1) discretizeMutual.Rd:58: Lost braces
58 | \item{two vectors containing the cutpoints for each variable : \emph{cutpoints1} corresponds to /emph{myDist1}, /emph{cutpoints2} corresponds to /emph{myDist2}.}
| ^
checkRd: (-1) discretizeMutual.Rd:58: Lost braces
58 | \item{two vectors containing the cutpoints for each variable : \emph{cutpoints1} corresponds to /emph{myDist1}, /emph{cutpoints2} corresponds to /emph{myDist2}.}
| ^
checkRd: (-1) discretizeMutual.Rd:62: Lost braces
62 | \item{if $emph{plot} == TRUE, a plot object (requires ggplot2 and gridExtra).}
| ^
checkRd: (-1) miic.Rd:158-209: Lost braces in \itemize; \value handles \item{}{} directly
checkRd: (-1) miic.Rd:211: Lost braces in \itemize; \value handles \item{}{} directly
checkRd: (-1) miic.Rd:213-214: Lost braces in \itemize; \value handles \item{}{} directly
Flavors: r-devel-linux-x86_64-debian-clang, r-devel-linux-x86_64-fedora-clang, r-devel-linux-x86_64-fedora-gcc, r-devel-windows-x86_64, r-patched-linux-x86_64, r-release-linux-x86_64, r-release-macos-arm64, r-release-windows-x86_64
Version: 1.5.3
Check: installed package size
Result: NOTE
installed size is 5.8Mb
sub-directories of 1Mb or more:
libs 5.5Mb
Flavors: r-release-macos-arm64, r-oldrel-macos-arm64, r-oldrel-macos-x86_64
These binaries (installable software) and packages are in development.
They may not be fully stable and should be used with caution. We make no claims about them.