Last updated on 2024-05-04 01:48:49 CEST.
Flavor | Version | Tinstall | Tcheck | Ttotal | Status | Flags |
---|---|---|---|---|---|---|
r-devel-linux-x86_64-debian-clang | 1.0-3 | 88.44 | 34.14 | 122.58 | NOTE | |
r-devel-linux-x86_64-fedora-clang | 1.0-3 | 156.74 | NOTE | |||
r-devel-linux-x86_64-fedora-gcc | 1.0-3 | 182.29 | NOTE | |||
r-devel-windows-x86_64 | 1.0-3 | 60.00 | 72.00 | 132.00 | NOTE | |
r-patched-linux-x86_64 | 1.0-3 | 85.83 | 38.47 | 124.30 | NOTE | |
r-release-linux-x86_64 | 1.0-3 | 81.12 | 39.21 | 120.33 | NOTE | |
r-release-macos-arm64 | 1.0-3 | 51.00 | NOTE | |||
r-release-windows-x86_64 | 1.0-3 | 61.00 | 73.00 | 134.00 | NOTE | |
r-oldrel-macos-arm64 | 1.0-3 | 46.00 | NOTE | |||
r-oldrel-macos-x86_64 | 1.0-3 | 79.00 | NOTE | |||
r-oldrel-windows-x86_64 | 1.0-3 | 74.00 | 83.00 | 157.00 | NOTE |
Version: 1.0-3
Check: C++ specification
Result: NOTE
Specified C++11: please drop specification unless essential
Flavors: r-devel-linux-x86_64-debian-clang, r-devel-linux-x86_64-fedora-clang, r-devel-linux-x86_64-fedora-gcc, r-devel-windows-x86_64, r-patched-linux-x86_64, r-release-linux-x86_64, r-release-macos-arm64, r-release-windows-x86_64, r-oldrel-macos-arm64, r-oldrel-macos-x86_64, r-oldrel-windows-x86_64
Version: 1.0-3
Check: installed package size
Result: NOTE
installed size is 27.6Mb
sub-directories of 1Mb or more:
libs 27.5Mb
Flavors: r-release-macos-arm64, r-oldrel-macos-arm64, r-oldrel-macos-x86_64
These binaries (installable software) and packages are in development.
They may not be fully stable and should be used with caution. We make no claims about them.