Last updated on 2025-10-23 11:50:19 CEST.
Flavor | Version | Tinstall | Tcheck | Ttotal | Status | Flags |
---|---|---|---|---|---|---|
r-devel-linux-x86_64-debian-clang | 1.45.1 | 119.38 | 242.49 | 361.87 | NOTE | |
r-devel-linux-x86_64-debian-gcc | 1.45.1 | 76.89 | 158.80 | 235.69 | OK | |
r-devel-linux-x86_64-fedora-clang | 1.45.1 | 319.00 | 317.15 | 636.15 | OK | |
r-devel-linux-x86_64-fedora-gcc | 1.45.1 | 195.00 | 394.03 | 589.03 | OK | |
r-devel-windows-x86_64 | 1.45.1 | 120.00 | 257.00 | 377.00 | OK | |
r-patched-linux-x86_64 | 1.45.1 | 128.73 | 228.37 | 357.10 | OK | |
r-release-linux-x86_64 | 1.45.1 | 123.80 | 227.44 | 351.24 | OK | |
r-release-macos-arm64 | 1.45.1 | 46.00 | 88.00 | 134.00 | OK | |
r-release-macos-x86_64 | 1.45.1 | 86.00 | 250.00 | 336.00 | OK | |
r-release-windows-x86_64 | 1.45.1 | 133.00 | 257.00 | 390.00 | OK | |
r-oldrel-macos-arm64 | 1.45.1 | 48.00 | 90.00 | 138.00 | NOTE | |
r-oldrel-macos-x86_64 | 1.45.1 | 84.00 | 240.00 | 324.00 | NOTE | |
r-oldrel-windows-x86_64 | 1.45.1 | 158.00 | 330.00 | 488.00 | OK |
Version: 1.45.1
Check: HTML version of manual
Result: NOTE
Found the following HTML validation problems:
empirical_ES.html:109:1 (empirical_ES.Rd:61): Warning: <h3> anchor "DIF" already defined
print.mirt_df.html:56:1 (print.mirt_df.Rd:14): Warning: missing </ul> before </div>
print.mirt_list.html:56:1 (print.mirt_list.Rd:14): Warning: missing </ul> before </div>
print.mirt_matrix.html:56:1 (print.mirt_matrix.Rd:14): Warning: missing </ul> before </div>
Flavor: r-devel-linux-x86_64-debian-clang
Version: 1.45.1
Check: installed package size
Result: NOTE
installed size is 10.2Mb
sub-directories of 1Mb or more:
R 2.0Mb
libs 7.5Mb
Flavors: r-oldrel-macos-arm64, r-oldrel-macos-x86_64
These binaries (installable software) and packages are in development.
They may not be fully stable and should be used with caution. We make no claims about them.