Last updated on 2024-05-04 01:48:49 CEST.
Flavor | Version | Tinstall | Tcheck | Ttotal | Status | Flags |
---|---|---|---|---|---|---|
r-devel-linux-x86_64-debian-clang | 0.9-1 | 32.44 | 352.91 | 385.35 | OK | |
r-devel-linux-x86_64-fedora-clang | 0.9-1 | 505.45 | OK | |||
r-devel-linux-x86_64-fedora-gcc | 0.9-1 | 513.89 | OK | |||
r-devel-windows-x86_64 | 0.9-1 | 29.00 | 258.00 | 287.00 | OK | |
r-patched-linux-x86_64 | 0.9-1 | 33.33 | 327.44 | 360.77 | OK | |
r-release-linux-x86_64 | 0.9-1 | 20.73 | 328.70 | 349.43 | OK | |
r-release-macos-arm64 | 0.9-1 | 128.00 | OK | |||
r-release-macos-x86_64 | 0.9-1 | 349.00 | OK | |||
r-release-windows-x86_64 | 0.9-1 | 27.00 | 255.00 | 282.00 | OK | |
r-oldrel-macos-arm64 | 0.9-1 | 10.00 | ERROR | |||
r-oldrel-macos-x86_64 | 0.9-1 | 6.00 | ERROR | |||
r-oldrel-windows-x86_64 | 0.9-1 | 38.00 | 339.00 | 377.00 | OK |
Version: 0.9-1
Check: package dependencies
Result: ERROR
Package required but not available: ‘phyloseq’
See section ‘The DESCRIPTION file’ in the ‘Writing R Extensions’
manual.
Flavors: r-oldrel-macos-arm64, r-oldrel-macos-x86_64
These binaries (installable software) and packages are in development.
They may not be fully stable and should be used with caution. We make no claims about them.