Last updated on 2024-05-04 01:48:49 CEST.
Flavor | Version | Tinstall | Tcheck | Ttotal | Status | Flags |
---|---|---|---|---|---|---|
r-devel-linux-x86_64-debian-clang | 0.2.0 | 38.42 | 257.30 | 295.72 | NOTE | |
r-devel-linux-x86_64-fedora-clang | 0.2.0 | 371.45 | NOTE | |||
r-devel-linux-x86_64-fedora-gcc | 0.2.0 | 375.31 | NOTE | |||
r-devel-windows-x86_64 | 0.2.0 | 31.00 | 487.00 | 518.00 | NOTE | |
r-patched-linux-x86_64 | 0.2.0 | 38.09 | 251.10 | 289.19 | NOTE | |
r-release-linux-x86_64 | 0.2.0 | 34.45 | 245.29 | 279.74 | NOTE | |
r-release-macos-arm64 | 0.2.0 | 114.00 | NOTE | |||
r-release-windows-x86_64 | 0.2.0 | 32.00 | 482.00 | 514.00 | NOTE | |
r-oldrel-macos-arm64 | 0.2.0 | 131.00 | OK | |||
r-oldrel-macos-x86_64 | 0.2.0 | 189.00 | OK | |||
r-oldrel-windows-x86_64 | 0.2.0 | 37.00 | 503.00 | 540.00 | OK |
Version: 0.2.0
Check: Rd files
Result: NOTE
checkRd: (-1) print.selectEM.Rd:18: Lost braces
18 | The function \code{print.selectEM} is the print method for the class{selectEM}, which is the output
| ^
Flavors: r-devel-linux-x86_64-debian-clang, r-devel-linux-x86_64-fedora-clang, r-devel-linux-x86_64-fedora-gcc, r-devel-windows-x86_64, r-patched-linux-x86_64, r-release-linux-x86_64, r-release-macos-arm64, r-release-windows-x86_64
These binaries (installable software) and packages are in development.
They may not be fully stable and should be used with caution. We make no claims about them.