Last updated on 2024-05-04 01:48:49 CEST.
Flavor | Version | Tinstall | Tcheck | Ttotal | Status | Flags |
---|---|---|---|---|---|---|
r-devel-linux-x86_64-debian-clang | 0.2.4 | 5.99 | 89.98 | 95.97 | NOTE | |
r-devel-linux-x86_64-fedora-clang | 0.2.4 | 119.77 | NOTE | |||
r-devel-linux-x86_64-fedora-gcc | 0.2.4 | 129.68 | NOTE | |||
r-devel-windows-x86_64 | 0.2.4 | 7.00 | 80.00 | 87.00 | NOTE | |
r-patched-linux-x86_64 | 0.2.4 | 7.32 | 81.30 | 88.62 | NOTE | |
r-release-linux-x86_64 | 0.2.4 | 8.78 | 84.22 | 93.00 | NOTE | |
r-release-macos-arm64 | 0.2.4 | 38.00 | NOTE | |||
r-release-windows-x86_64 | 0.2.4 | 8.00 | 79.00 | 87.00 | NOTE | |
r-oldrel-macos-arm64 | 0.2.4 | 42.00 | NOTE | |||
r-oldrel-macos-x86_64 | 0.2.4 | 64.00 | NOTE | |||
r-oldrel-windows-x86_64 | 0.2.4 | 7.00 | 90.00 | 97.00 | NOTE |
Version: 0.2.4
Check: LazyData
Result: NOTE
'LazyData' is specified without a 'data' directory
Flavors: r-devel-linux-x86_64-debian-clang, r-devel-linux-x86_64-fedora-clang, r-devel-linux-x86_64-fedora-gcc, r-devel-windows-x86_64, r-patched-linux-x86_64, r-release-linux-x86_64, r-release-macos-arm64, r-release-windows-x86_64, r-oldrel-macos-arm64, r-oldrel-macos-x86_64, r-oldrel-windows-x86_64
These binaries (installable software) and packages are in development.
They may not be fully stable and should be used with caution. We make no claims about them.