Last updated on 2024-05-04 01:48:49 CEST.
Flavor | Version | Tinstall | Tcheck | Ttotal | Status | Flags |
---|---|---|---|---|---|---|
r-devel-linux-x86_64-debian-clang | 1.0.0 | 2.06 | 39.97 | 42.03 | NOTE | |
r-devel-linux-x86_64-fedora-clang | 1.0.0 | 49.77 | NOTE | |||
r-devel-linux-x86_64-fedora-gcc | 1.0.0 | 48.75 | NOTE | |||
r-devel-windows-x86_64 | 1.0.0 | 2.00 | 54.00 | 56.00 | NOTE | |
r-patched-linux-x86_64 | 1.0.0 | 1.89 | 37.09 | 38.98 | NOTE | |
r-release-linux-x86_64 | 1.0.0 | 1.66 | 37.07 | 38.73 | NOTE | |
r-release-macos-arm64 | 1.0.0 | 18.00 | NOTE | |||
r-release-windows-x86_64 | 1.0.0 | 3.00 | 54.00 | 57.00 | NOTE | |
r-oldrel-macos-arm64 | 1.0.0 | 18.00 | NOTE | |||
r-oldrel-macos-x86_64 | 1.0.0 | 27.00 | NOTE | |||
r-oldrel-windows-x86_64 | 1.0.0 | 3.00 | 52.00 | 55.00 | NOTE |
Version: 1.0.0
Check: package subdirectories
Result: NOTE
Problems with news in ‘NEWS.md’:
No news entries found.
Flavors: r-devel-linux-x86_64-debian-clang, r-devel-linux-x86_64-fedora-clang, r-devel-linux-x86_64-fedora-gcc, r-devel-windows-x86_64, r-patched-linux-x86_64, r-release-linux-x86_64, r-release-macos-arm64, r-release-windows-x86_64, r-oldrel-macos-arm64, r-oldrel-macos-x86_64, r-oldrel-windows-x86_64
These binaries (installable software) and packages are in development.
They may not be fully stable and should be used with caution. We make no claims about them.