Last updated on 2024-05-04 01:48:50 CEST.
Flavor | Version | Tinstall | Tcheck | Ttotal | Status | Flags |
---|---|---|---|---|---|---|
r-devel-linux-x86_64-debian-clang | 0.3.11 | 657.80 | 243.20 | 901.00 | OK | |
r-devel-linux-x86_64-fedora-clang | 0.3.11 | 1132.63 | NOTE | |||
r-devel-linux-x86_64-fedora-gcc | 0.3.11 | 1466.53 | OK | |||
r-devel-windows-x86_64 | 0.3.11 | 484.00 | 259.00 | 743.00 | NOTE | |
r-patched-linux-x86_64 | 0.3.11 | 523.33 | 263.63 | 786.96 | OK | |
r-release-linux-x86_64 | 0.3.11 | 525.59 | 270.74 | 796.33 | OK | |
r-release-macos-arm64 | 0.3.11 | 323.00 | NOTE | |||
r-release-macos-x86_64 | 0.3.11 | 524.00 | NOTE | |||
r-release-windows-x86_64 | 0.3.11 | 450.00 | 254.00 | 704.00 | NOTE | |
r-oldrel-macos-arm64 | 0.3.11 | 316.00 | NOTE | |||
r-oldrel-macos-x86_64 | 0.3.11 | 456.00 | NOTE | |||
r-oldrel-windows-x86_64 | 0.3.11 | 617.00 | 361.00 | 978.00 | NOTE |
Version: 0.3.11
Check: installed package size
Result: NOTE
installed size is 7.5Mb
sub-directories of 1Mb or more:
libs 5.6Mb
Flavors: r-devel-linux-x86_64-fedora-clang, r-devel-windows-x86_64, r-release-macos-arm64, r-release-macos-x86_64, r-release-windows-x86_64, r-oldrel-macos-arm64, r-oldrel-macos-x86_64, r-oldrel-windows-x86_64
These binaries (installable software) and packages are in development.
They may not be fully stable and should be used with caution. We make no claims about them.