Last updated on 2024-05-04 01:48:50 CEST.
Flavor | Version | Tinstall | Tcheck | Ttotal | Status | Flags |
---|---|---|---|---|---|---|
r-devel-linux-x86_64-debian-clang | 1.0.9 | 3.36 | 58.69 | 62.05 | OK | |
r-devel-linux-x86_64-fedora-clang | 1.0.9 | 73.71 | NOTE | |||
r-devel-linux-x86_64-fedora-gcc | 1.0.9 | 75.07 | NOTE | |||
r-devel-windows-x86_64 | 1.0.9 | 5.00 | 62.00 | 67.00 | OK | |
r-patched-linux-x86_64 | 1.0.9 | 2.22 | 56.06 | 58.28 | OK | |
r-release-linux-x86_64 | 1.0.9 | 2.04 | 55.72 | 57.76 | OK | |
r-release-macos-arm64 | 1.0.9 | 26.00 | OK | |||
r-release-windows-x86_64 | 1.0.9 | 4.00 | 64.00 | 68.00 | OK | |
r-oldrel-macos-arm64 | 1.0.9 | 26.00 | OK | |||
r-oldrel-macos-x86_64 | 1.0.9 | 37.00 | OK | |||
r-oldrel-windows-x86_64 | 1.0.9 | 5.00 | 86.00 | 91.00 | OK |
Version: 1.0.9
Check: dependencies in R code
Result: NOTE
Namespaces in Imports field not imported from:
‘MASS’ ‘Matrix’ ‘magrittr’ ‘reticulate’ ‘tensorflow’ ‘usethis’
All declared Imports should be used.
Flavors: r-devel-linux-x86_64-fedora-clang, r-devel-linux-x86_64-fedora-gcc
These binaries (installable software) and packages are in development.
They may not be fully stable and should be used with caution. We make no claims about them.