Last updated on 2024-05-04 01:48:50 CEST.
Flavor | Version | Tinstall | Tcheck | Ttotal | Status | Flags |
---|---|---|---|---|---|---|
r-devel-linux-x86_64-debian-clang | 2.4.0 | 6.15 | 62.07 | 68.22 | NOTE | |
r-devel-linux-x86_64-fedora-clang | 2.4.0 | 82.72 | NOTE | |||
r-devel-linux-x86_64-fedora-gcc | 2.4.0 | 81.35 | NOTE | |||
r-devel-windows-x86_64 | 2.4.0 | 7.00 | 64.00 | 71.00 | NOTE | |
r-patched-linux-x86_64 | 2.4.0 | 7.43 | 58.55 | 65.98 | NOTE | |
r-release-linux-x86_64 | 2.4.0 | 6.78 | 58.31 | 65.09 | NOTE | |
r-release-macos-arm64 | 2.4.0 | 23.00 | NOTE | |||
r-release-windows-x86_64 | 2.4.0 | 6.00 | 64.00 | 70.00 | NOTE | |
r-oldrel-macos-arm64 | 2.4.0 | 27.00 | NOTE | |||
r-oldrel-macos-x86_64 | 2.4.0 | 40.00 | NOTE | |||
r-oldrel-windows-x86_64 | 2.4.0 | 8.00 | 77.00 | 85.00 | NOTE |
Version: 2.4.0
Check: Rd files
Result: NOTE
checkRd: (-1) lientz.Rd:45: Lost braces in \itemize; \value handles \item{}{} directly
checkRd: (-1) lientz.Rd:46: Lost braces in \itemize; \value handles \item{}{} directly
checkRd: (-1) lientz.Rd:47: Lost braces in \itemize; \value handles \item{}{} directly
checkRd: (-1) modeest-package.Rd:150: Escaped LaTeX specials: \&
checkRd: (-1) vieu.Rd:56: Escaped LaTeX specials: \&
Flavors: r-devel-linux-x86_64-debian-clang, r-devel-linux-x86_64-fedora-clang, r-devel-linux-x86_64-fedora-gcc, r-devel-windows-x86_64, r-patched-linux-x86_64, r-release-linux-x86_64, r-release-macos-arm64, r-release-windows-x86_64
Version: 2.4.0
Check: LazyData
Result: NOTE
'LazyData' is specified without a 'data' directory
Flavors: r-devel-linux-x86_64-debian-clang, r-devel-linux-x86_64-fedora-clang, r-devel-linux-x86_64-fedora-gcc, r-devel-windows-x86_64, r-patched-linux-x86_64, r-release-linux-x86_64, r-release-macos-arm64, r-release-windows-x86_64, r-oldrel-macos-arm64, r-oldrel-macos-x86_64, r-oldrel-windows-x86_64
Version: 2.4.0
Check: Rd files
Result: NOTE
checkRd: (-1) modeest-package.Rd:150: Escaped LaTeX specials: \&
checkRd: (-1) vieu.Rd:56: Escaped LaTeX specials: \&
Flavors: r-oldrel-macos-arm64, r-oldrel-macos-x86_64, r-oldrel-windows-x86_64
These binaries (installable software) and packages are in development.
They may not be fully stable and should be used with caution. We make no claims about them.