Last updated on 2024-05-04 01:48:50 CEST.
Flavor | Version | Tinstall | Tcheck | Ttotal | Status | Flags |
---|---|---|---|---|---|---|
r-devel-linux-x86_64-debian-clang | 0.1.3 | 4.61 | 111.06 | 115.67 | OK | |
r-devel-linux-x86_64-fedora-clang | 0.1.3 | 141.50 | NOTE | |||
r-devel-linux-x86_64-fedora-gcc | 0.1.3 | 144.47 | OK | |||
r-devel-windows-x86_64 | 0.1.3 | 6.00 | 92.00 | 98.00 | OK | |
r-patched-linux-x86_64 | 0.1.3 | 8.74 | 100.43 | 109.17 | OK | |
r-release-linux-x86_64 | 0.1.3 | 4.49 | 101.82 | 106.31 | OK | |
r-release-macos-arm64 | 0.1.3 | 53.00 | OK | |||
r-release-macos-x86_64 | 0.1.3 | 118.00 | OK | |||
r-release-windows-x86_64 | 0.1.3 | 6.00 | 94.00 | 100.00 | OK | |
r-oldrel-macos-arm64 | 0.1.3 | 51.00 | OK | |||
r-oldrel-macos-x86_64 | 0.1.3 | 118.00 | OK | |||
r-oldrel-windows-x86_64 | 0.1.3 | 7.00 | 115.00 | 122.00 | OK |
Version: 0.1.3
Check: Rd cross-references
Result: NOTE
Undeclared package ‘semTools’ in Rd xrefs
Flavor: r-devel-linux-x86_64-fedora-clang
These binaries (installable software) and packages are in development.
They may not be fully stable and should be used with caution. We make no claims about them.