Last updated on 2024-05-04 01:48:50 CEST.
Flavor | Version | Tinstall | Tcheck | Ttotal | Status | Flags |
---|---|---|---|---|---|---|
r-devel-linux-x86_64-debian-clang | 1.0.0.0 | 1.66 | 23.60 | 25.26 | NOTE | |
r-devel-linux-x86_64-fedora-clang | 1.0.0.0 | 32.31 | NOTE | |||
r-devel-linux-x86_64-fedora-gcc | 1.0.0.0 | 30.69 | NOTE | |||
r-devel-windows-x86_64 | 1.0.0.0 | 2.00 | 41.00 | 43.00 | NOTE | |
r-patched-linux-x86_64 | 1.0.0.0 | 2.42 | 22.94 | 25.36 | NOTE | |
r-release-linux-x86_64 | 1.0.0.0 | 1.87 | 22.81 | 24.68 | NOTE | |
r-release-macos-arm64 | 1.0.0.0 | 15.00 | NOTE | |||
r-release-windows-x86_64 | 1.0.0.0 | 3.00 | 42.00 | 45.00 | NOTE | |
r-oldrel-macos-arm64 | 1.0.0.0 | 16.00 | NOTE | |||
r-oldrel-macos-x86_64 | 1.0.0.0 | 20.00 | NOTE | |||
r-oldrel-windows-x86_64 | 1.0.0.0 | 3.00 | 43.00 | 46.00 | NOTE |
Version: 1.0.0.0
Check: LazyData
Result: NOTE
'LazyData' is specified without a 'data' directory
Flavors: r-devel-linux-x86_64-debian-clang, r-devel-linux-x86_64-fedora-clang, r-devel-linux-x86_64-fedora-gcc, r-devel-windows-x86_64, r-patched-linux-x86_64, r-release-linux-x86_64, r-release-macos-arm64, r-release-windows-x86_64, r-oldrel-macos-arm64, r-oldrel-macos-x86_64, r-oldrel-windows-x86_64
These binaries (installable software) and packages are in development.
They may not be fully stable and should be used with caution. We make no claims about them.