Last updated on 2024-05-04 01:48:50 CEST.
Flavor | Version | Tinstall | Tcheck | Ttotal | Status | Flags |
---|---|---|---|---|---|---|
r-devel-linux-x86_64-debian-clang | 1.0.0 | 2.41 | 25.57 | 27.98 | OK | |
r-devel-linux-x86_64-fedora-clang | 1.0.0 | 35.84 | NOTE | |||
r-devel-linux-x86_64-fedora-gcc | 1.0.0 | 33.61 | NOTE | |||
r-devel-windows-x86_64 | 1.0.0 | 3.00 | 42.00 | 45.00 | OK | |
r-patched-linux-x86_64 | 1.0.0 | 1.60 | 24.57 | 26.17 | OK | |
r-release-linux-x86_64 | 1.0.0 | 1.38 | 24.95 | 26.33 | OK | |
r-release-macos-arm64 | 1.0.0 | 15.00 | OK | |||
r-release-windows-x86_64 | 1.0.0 | 3.00 | 42.00 | 45.00 | OK | |
r-oldrel-macos-arm64 | 1.0.0 | 20.00 | OK | |||
r-oldrel-macos-x86_64 | 1.0.0 | 21.00 | OK | |||
r-oldrel-windows-x86_64 | 1.0.0 | 4.00 | 45.00 | 49.00 | OK |
Version: 1.0.0
Check: dependencies in R code
Result: NOTE
Namespace in Imports field not imported from: ‘utils’
All declared Imports should be used.
Flavors: r-devel-linux-x86_64-fedora-clang, r-devel-linux-x86_64-fedora-gcc
These binaries (installable software) and packages are in development.
They may not be fully stable and should be used with caution. We make no claims about them.