Last updated on 2024-05-04 01:48:50 CEST.
Flavor | Version | Tinstall | Tcheck | Ttotal | Status | Flags |
---|---|---|---|---|---|---|
r-devel-linux-x86_64-debian-clang | 0.6.1 | 20.47 | 226.51 | 246.98 | OK | |
r-devel-linux-x86_64-fedora-clang | 0.6.1 | 302.27 | NOTE | |||
r-devel-linux-x86_64-fedora-gcc | 0.6.1 | 298.37 | NOTE | |||
r-devel-windows-x86_64 | 0.6.1 | 20.00 | 169.00 | 189.00 | OK | |
r-patched-linux-x86_64 | 0.6.1 | 24.29 | 213.98 | 238.27 | OK | |
r-release-linux-x86_64 | 0.6.1 | 16.42 | 210.66 | 227.08 | OK | |
r-release-macos-arm64 | 0.6.1 | 80.00 | OK | |||
r-release-macos-x86_64 | 0.6.1 | 149.00 | OK | |||
r-release-windows-x86_64 | 0.6.1 | 20.00 | 171.00 | 191.00 | OK | |
r-oldrel-macos-arm64 | 0.6.1 | 88.00 | OK | |||
r-oldrel-macos-x86_64 | 0.6.1 | 154.00 | OK | |||
r-oldrel-windows-x86_64 | 0.6.1 | 25.00 | 222.00 | 247.00 | OK |
Version: 0.6.1
Check: data for non-ASCII characters
Result: NOTE
Note: found 56 marked UTF-8 strings
Flavors: r-devel-linux-x86_64-fedora-clang, r-devel-linux-x86_64-fedora-gcc
These binaries (installable software) and packages are in development.
They may not be fully stable and should be used with caution. We make no claims about them.