Last updated on 2024-05-04 01:48:50 CEST.
Flavor | Version | Tinstall | Tcheck | Ttotal | Status | Flags |
---|---|---|---|---|---|---|
r-devel-linux-x86_64-debian-clang | 0.2.7 | 10.80 | 256.78 | 267.58 | NOTE | |
r-devel-linux-x86_64-fedora-clang | 0.2.7 | 322.72 | NOTE | |||
r-devel-linux-x86_64-fedora-gcc | 0.2.7 | 327.24 | NOTE | |||
r-devel-windows-x86_64 | 0.2.7 | 11.00 | 204.00 | 215.00 | NOTE | |
r-patched-linux-x86_64 | 0.2.7 | 11.94 | 245.68 | 257.62 | NOTE | |
r-release-linux-x86_64 | 0.2.7 | 11.56 | 240.52 | 252.08 | NOTE | |
r-release-macos-arm64 | 0.2.7 | 96.00 | OK | |||
r-release-windows-x86_64 | 0.2.7 | 11.00 | 200.00 | 211.00 | NOTE | |
r-oldrel-macos-arm64 | 0.2.7 | 126.00 | OK | |||
r-oldrel-macos-x86_64 | 0.2.7 | 224.00 | OK | |||
r-oldrel-windows-x86_64 | 0.2.7 | 14.00 | 254.00 | 268.00 | OK |
Version: 0.2.7
Check: HTML version of manual
Result: NOTE
Found the following HTML validation problems:
mt_track_data.html:31:1 (mt_track_data.Rd:26): Warning: trimming empty <li>
Flavors: r-devel-linux-x86_64-debian-clang, r-devel-linux-x86_64-fedora-clang, r-devel-linux-x86_64-fedora-gcc, r-devel-windows-x86_64, r-patched-linux-x86_64, r-release-linux-x86_64, r-release-windows-x86_64
These binaries (installable software) and packages are in development.
They may not be fully stable and should be used with caution. We make no claims about them.