Last updated on 2024-05-04 01:48:50 CEST.
Flavor | Version | Tinstall | Tcheck | Ttotal | Status | Flags |
---|---|---|---|---|---|---|
r-devel-linux-x86_64-debian-clang | 0.1.2 | 13.06 | 143.84 | 156.90 | OK | |
r-devel-linux-x86_64-fedora-clang | 0.1.2 | 200.42 | NOTE | |||
r-devel-linux-x86_64-fedora-gcc | 0.1.2 | 199.80 | NOTE | |||
r-devel-windows-x86_64 | 0.1.2 | 16.00 | 121.00 | 137.00 | OK | |
r-patched-linux-x86_64 | 0.1.2 | 16.70 | 132.77 | 149.47 | OK | |
r-release-linux-x86_64 | 0.1.2 | 16.46 | 136.62 | 153.08 | OK | |
r-release-macos-arm64 | 0.1.2 | 54.00 | OK | |||
r-release-macos-x86_64 | 0.1.2 | 132.00 | OK | |||
r-release-windows-x86_64 | 0.1.2 | 16.00 | 117.00 | 133.00 | OK | |
r-oldrel-macos-arm64 | 0.1.2 | 66.00 | OK | |||
r-oldrel-macos-x86_64 | 0.1.2 | 124.00 | OK | |||
r-oldrel-windows-x86_64 | 0.1.2 | 21.00 | 149.00 | 170.00 | OK |
Version: 0.1.2
Check: data for non-ASCII characters
Result: NOTE
Note: found 19 marked Latin-1 strings
Flavors: r-devel-linux-x86_64-fedora-clang, r-devel-linux-x86_64-fedora-gcc
These binaries (installable software) and packages are in development.
They may not be fully stable and should be used with caution. We make no claims about them.