Last updated on 2024-05-04 01:48:50 CEST.
Flavor | Version | Tinstall | Tcheck | Ttotal | Status | Flags |
---|---|---|---|---|---|---|
r-devel-linux-x86_64-debian-clang | 1.1.21 | 18.35 | 120.74 | 139.09 | NOTE | |
r-devel-linux-x86_64-fedora-clang | 1.1.21 | 191.12 | NOTE | |||
r-devel-linux-x86_64-fedora-gcc | 1.1.21 | 177.76 | NOTE | |||
r-devel-windows-x86_64 | 1.1.21 | 18.00 | 112.00 | 130.00 | NOTE | |
r-patched-linux-x86_64 | 1.1.21 | 12.86 | 99.88 | 112.74 | NOTE | |
r-release-linux-x86_64 | 1.1.21 | 12.17 | 129.44 | 141.61 | NOTE | |
r-release-macos-arm64 | 1.1.21 | 51.00 | NOTE | |||
r-release-windows-x86_64 | 1.1.21 | 16.00 | 107.00 | 123.00 | NOTE | |
r-oldrel-macos-arm64 | 1.1.21 | 57.00 | OK | |||
r-oldrel-macos-x86_64 | 1.1.21 | 91.00 | OK | |||
r-oldrel-windows-x86_64 | 1.1.21 | 21.00 | 140.00 | 161.00 | OK |
Version: 1.1.21
Check: Rd files
Result: NOTE
checkRd: (-1) coef.mdf.Rd:17: Lost braces; missing escapes or markup?
17 | \item{type}{: Argument that controls the type of parameters to be returned. If \code{type="persons"} (default), a vector with the person parameters is returned. When \code{type="items"} then a vector with the item ranks obtained by the MUDFOLD item selection algorithm is returned. If {type="all"} then a list with both person and item coefficients is returned to the user.
| ^
Flavors: r-devel-linux-x86_64-debian-clang, r-devel-linux-x86_64-fedora-clang, r-devel-linux-x86_64-fedora-gcc, r-devel-windows-x86_64, r-patched-linux-x86_64, r-release-linux-x86_64, r-release-macos-arm64, r-release-windows-x86_64
These binaries (installable software) and packages are in development.
They may not be fully stable and should be used with caution. We make no claims about them.