Last updated on 2024-05-04 01:48:50 CEST.
Flavor | Version | Tinstall | Tcheck | Ttotal | Status | Flags |
---|---|---|---|---|---|---|
r-devel-linux-x86_64-debian-clang | 0.1.1 | 22.39 | 261.57 | 283.96 | NOTE | |
r-devel-linux-x86_64-fedora-clang | 0.1.1 | 356.63 | NOTE | |||
r-devel-linux-x86_64-fedora-gcc | 0.1.1 | 357.64 | NOTE | |||
r-devel-windows-x86_64 | 0.1.1 | 20.00 | 195.00 | 215.00 | NOTE | |
r-patched-linux-x86_64 | 0.1.1 | 25.46 | 252.70 | 278.16 | NOTE | |
r-release-linux-x86_64 | 0.1.1 | 20.73 | 247.77 | 268.50 | NOTE | |
r-release-macos-arm64 | 0.1.1 | 102.00 | NOTE | |||
r-release-windows-x86_64 | 0.1.1 | 22.00 | 194.00 | 216.00 | NOTE | |
r-oldrel-macos-arm64 | 0.1.1 | 110.00 | NOTE | |||
r-oldrel-macos-x86_64 | 0.1.1 | 174.00 | NOTE | |||
r-oldrel-windows-x86_64 | 0.1.1 | 28.00 | 255.00 | 283.00 | NOTE |
Version: 0.1.1
Check: LazyData
Result: NOTE
'LazyData' is specified without a 'data' directory
Flavors: r-devel-linux-x86_64-debian-clang, r-devel-linux-x86_64-fedora-clang, r-devel-linux-x86_64-fedora-gcc, r-devel-windows-x86_64, r-patched-linux-x86_64, r-release-linux-x86_64, r-release-macos-arm64, r-release-windows-x86_64, r-oldrel-macos-arm64, r-oldrel-macos-x86_64, r-oldrel-windows-x86_64
These binaries (installable software) and packages are in development.
They may not be fully stable and should be used with caution. We make no claims about them.