Last updated on 2025-11-07 11:51:39 CET.
| Flavor | Version | Tinstall | Tcheck | Ttotal | Status | Flags |
|---|---|---|---|---|---|---|
| r-devel-linux-x86_64-debian-clang | 0.8.1 | 1768.48 | 478.41 | 2246.89 | OK | |
| r-devel-linux-x86_64-debian-gcc | 0.8.1 | 1263.06 | 400.32 | 1663.38 | OK | |
| r-devel-linux-x86_64-fedora-clang | 0.8.1 | 8100.00 | -4725.67 | 3374.33 | OK | |
| r-devel-linux-x86_64-fedora-gcc | 0.8.1 | 4440.00 | -129.69 | 4310.31 | OK | |
| r-devel-windows-x86_64 | 0.8.1 | 1418.00 | 542.00 | 1960.00 | OK | |
| r-patched-linux-x86_64 | 0.8.1 | 1795.84 | 579.78 | 2375.62 | OK | |
| r-release-linux-x86_64 | 0.8.1 | 1812.95 | 580.64 | 2393.59 | OK | |
| r-release-macos-arm64 | 0.8.1 | 398.00 | 94.00 | 492.00 | OK | |
| r-release-macos-x86_64 | 0.8.1 | 419.00 | 187.00 | 606.00 | OK | |
| r-release-windows-x86_64 | 0.8.1 | 1354.00 | 545.00 | 1899.00 | OK | |
| r-oldrel-macos-arm64 | 0.8.1 | 422.00 | 99.00 | 521.00 | NOTE | |
| r-oldrel-macos-x86_64 | 0.8.1 | 488.00 | 191.00 | 679.00 | NOTE | |
| r-oldrel-windows-x86_64 | 0.8.1 | 1925.00 | 731.00 | 2656.00 | NOTE |
Version: 0.8.1
Check: installed package size
Result: NOTE
installed size is 285.2Mb
sub-directories of 1Mb or more:
R 2.0Mb
doc 4.6Mb
libs 277.8Mb
Flavors: r-oldrel-macos-arm64, r-oldrel-macos-x86_64, r-oldrel-windows-x86_64
Version: 0.8.1
Check: for GNU extensions in Makefiles
Result: NOTE
GNU make is a SystemRequirements.
Flavors: r-oldrel-macos-arm64, r-oldrel-macos-x86_64, r-oldrel-windows-x86_64
These binaries (installable software) and packages are in development.
They may not be fully stable and should be used with caution. We make no claims about them.