Last updated on 2024-05-04 01:48:50 CEST.
Flavor | Version | Tinstall | Tcheck | Ttotal | Status | Flags |
---|---|---|---|---|---|---|
r-devel-linux-x86_64-debian-clang | 2.1-1 | 18.48 | 192.57 | 211.05 | NOTE | |
r-devel-linux-x86_64-fedora-clang | 2.1-1 | 252.84 | NOTE | |||
r-devel-linux-x86_64-fedora-gcc | 2.1-1 | 269.65 | NOTE | |||
r-devel-windows-x86_64 | 2.1-1 | 15.00 | 160.00 | 175.00 | NOTE | |
r-patched-linux-x86_64 | 2.1-1 | 14.10 | 184.09 | 198.19 | NOTE | |
r-release-linux-x86_64 | 2.1-1 | 9.89 | 181.54 | 191.43 | NOTE | |
r-release-macos-arm64 | 2.1-1 | 85.00 | NOTE | |||
r-release-windows-x86_64 | 2.1-1 | 13.00 | 164.00 | 177.00 | NOTE | |
r-oldrel-macos-arm64 | 2.1-1 | 82.00 | OK | |||
r-oldrel-macos-x86_64 | 2.1-1 | 146.00 | OK | |||
r-oldrel-windows-x86_64 | 2.1-1 | 19.00 | 194.00 | 213.00 | OK |
Version: 2.1-1
Check: Rd files
Result: NOTE
checkRd: (-1) biomasse.Rd:30: Lost braces
30 | Makowski, D., Jeuffroy, M.-H., Gu\'{e}rif, M., 2004 Bayesian methods for
| ^
checkRd: (-1) climat.Rd:20: Lost braces
20 | Makowski, D., Jeuffroy, M.-H., Gu\'{e}rif, M., 2004 Bayesian methods for
| ^
checkRd: (-1) simulmodel.Rd:15: Lost braces
15 | \item{\dots}{... }{possible fixed parameters of the R-function}
| ^
Flavors: r-devel-linux-x86_64-debian-clang, r-devel-linux-x86_64-fedora-clang, r-devel-linux-x86_64-fedora-gcc, r-devel-windows-x86_64, r-patched-linux-x86_64, r-release-linux-x86_64, r-release-macos-arm64, r-release-windows-x86_64
These binaries (installable software) and packages are in development.
They may not be fully stable and should be used with caution. We make no claims about them.