Last updated on 2024-05-04 01:48:50 CEST.
Flavor | Version | Tinstall | Tcheck | Ttotal | Status | Flags |
---|---|---|---|---|---|---|
r-devel-linux-x86_64-debian-clang | 1.2.2 | 13.92 | 154.82 | 168.74 | NOTE | |
r-devel-linux-x86_64-fedora-clang | 1.2.2 | 207.38 | NOTE | |||
r-devel-linux-x86_64-fedora-gcc | 1.2.2 | 213.99 | NOTE | |||
r-devel-windows-x86_64 | 1.2.2 | 12.00 | 121.00 | 133.00 | NOTE | |
r-patched-linux-x86_64 | 1.2.2 | 11.29 | 145.78 | 157.07 | NOTE | |
r-release-linux-x86_64 | 1.2.2 | 7.37 | 147.51 | 154.88 | NOTE | |
r-release-macos-arm64 | 1.2.2 | 68.00 | NOTE | |||
r-release-windows-x86_64 | 1.2.2 | 11.00 | 122.00 | 133.00 | NOTE | |
r-oldrel-macos-arm64 | 1.2.2 | 67.00 | NOTE | |||
r-oldrel-macos-x86_64 | 1.2.2 | 102.00 | NOTE | |||
r-oldrel-windows-x86_64 | 1.2.2 | 15.00 | 149.00 | 164.00 | NOTE |
Version: 1.2.2
Check: Rd files
Result: NOTE
checkRd: (-1) bal.Rd:156: Escaped LaTeX specials: \&
Flavors: r-devel-linux-x86_64-debian-clang, r-devel-linux-x86_64-fedora-clang, r-devel-linux-x86_64-fedora-gcc, r-devel-windows-x86_64, r-patched-linux-x86_64, r-release-linux-x86_64, r-release-macos-arm64, r-release-windows-x86_64, r-oldrel-macos-arm64, r-oldrel-macos-x86_64, r-oldrel-windows-x86_64
Version: 1.2.2
Check: dependencies in R code
Result: NOTE
Namespace in Imports field not imported from: ‘Rdpack’
All declared Imports should be used.
Flavors: r-devel-linux-x86_64-fedora-clang, r-devel-linux-x86_64-fedora-gcc
These binaries (installable software) and packages are in development.
They may not be fully stable and should be used with caution. We make no claims about them.