Last updated on 2025-10-23 17:50:55 CEST.
| Flavor | Version | Tinstall | Tcheck | Ttotal | Status | Flags |
|---|---|---|---|---|---|---|
| r-devel-linux-x86_64-debian-clang | 1.0.3 | 4.32 | 52.65 | 56.97 | NOTE | |
| r-devel-linux-x86_64-debian-gcc | 1.0.3 | 2.84 | 38.33 | 41.17 | NOTE | |
| r-devel-linux-x86_64-fedora-clang | 1.0.3 | 30.00 | 58.81 | 88.81 | OK | |
| r-devel-linux-x86_64-fedora-gcc | 1.0.3 | 77.16 | OK | |||
| r-devel-windows-x86_64 | 1.0.3 | 5.00 | 75.00 | 80.00 | OK | |
| r-patched-linux-x86_64 | 1.0.3 | 4.67 | 48.40 | 53.07 | OK | |
| r-release-linux-x86_64 | 1.0.3 | 3.99 | 47.02 | 51.01 | OK | |
| r-release-macos-arm64 | 1.0.3 | 2.00 | 25.00 | 27.00 | OK | |
| r-release-macos-x86_64 | 1.0.3 | 3.00 | 39.00 | 42.00 | OK | |
| r-release-windows-x86_64 | 1.0.3 | 6.00 | 75.00 | 81.00 | OK | |
| r-oldrel-macos-arm64 | 1.0.3 | 2.00 | 22.00 | 24.00 | OK | |
| r-oldrel-macos-x86_64 | 1.0.3 | 3.00 | 35.00 | 38.00 | OK | |
| r-oldrel-windows-x86_64 | 1.0.3 | 8.00 | 88.00 | 96.00 | OK |
Version: 1.0.3
Check: CRAN incoming feasibility
Result: NOTE
Maintainer: ‘Antonio Gasparrini <antonio.gasparrini@lshtm.ac.uk>’
No Authors@R field in DESCRIPTION.
Please add one, modifying
Authors@R: person(given = "Antonio",
family = "Gasparrini",
role = c("aut", "cre"),
email = "antonio.gasparrini@lshtm.ac.uk")
as necessary.
Package CITATION file contains call(s) to old-style personList() or
as.personList(). Please use c() on person objects instead.
Package CITATION file contains call(s) to old-style citEntry(). Please
use bibentry() instead.
Flavors: r-devel-linux-x86_64-debian-clang, r-devel-linux-x86_64-debian-gcc
These binaries (installable software) and packages are in development.
They may not be fully stable and should be used with caution. We make no claims about them.