Last updated on 2024-05-04 01:48:51 CEST.
Flavor | Version | Tinstall | Tcheck | Ttotal | Status | Flags |
---|---|---|---|---|---|---|
r-devel-linux-x86_64-debian-clang | 1.0.3 | 13.16 | 194.38 | 207.54 | OK | |
r-devel-linux-x86_64-fedora-clang | 1.0.3 | 274.85 | NOTE | |||
r-devel-linux-x86_64-fedora-gcc | 1.0.3 | 298.40 | NOTE | |||
r-devel-windows-x86_64 | 1.0.3 | 13.00 | 202.00 | 215.00 | OK | |
r-patched-linux-x86_64 | 1.0.3 | 10.56 | 182.27 | 192.83 | OK | |
r-release-linux-x86_64 | 1.0.3 | 12.46 | 185.12 | 197.58 | OK | |
r-release-macos-arm64 | 1.0.3 | 89.00 | OK | |||
r-release-windows-x86_64 | 1.0.3 | 13.00 | 199.00 | 212.00 | OK | |
r-oldrel-macos-arm64 | 1.0.3 | 95.00 | OK | |||
r-oldrel-macos-x86_64 | 1.0.3 | 216.00 | OK | |||
r-oldrel-windows-x86_64 | 1.0.3 | 18.00 | 213.00 | 231.00 | OK |
Version: 1.0.3
Check: dependencies in R code
Result: NOTE
Namespaces in Imports field not imported from:
‘e1071’ ‘glue’
All declared Imports should be used.
Flavors: r-devel-linux-x86_64-fedora-clang, r-devel-linux-x86_64-fedora-gcc
These binaries (installable software) and packages are in development.
They may not be fully stable and should be used with caution. We make no claims about them.