Last updated on 2024-05-04 01:48:51 CEST.
Flavor | Version | Tinstall | Tcheck | Ttotal | Status | Flags |
---|---|---|---|---|---|---|
r-devel-linux-x86_64-debian-clang | 0.5.0 | 80.16 | 37.26 | 117.42 | OK | |
r-devel-linux-x86_64-fedora-clang | 0.5.0 | 151.32 | OK | |||
r-devel-linux-x86_64-fedora-gcc | 0.5.0 | 160.26 | OK | |||
r-devel-windows-x86_64 | 0.5.0 | 60.00 | 75.00 | 135.00 | OK | |
r-patched-linux-x86_64 | 0.5.0 | 70.38 | 36.03 | 106.41 | OK | |
r-release-linux-x86_64 | 0.5.0 | 74.71 | 35.84 | 110.55 | OK | |
r-release-macos-arm64 | 0.5.0 | 38.00 | NOTE | |||
r-release-windows-x86_64 | 0.5.0 | 58.00 | 74.00 | 132.00 | OK | |
r-oldrel-macos-arm64 | 0.5.0 | 45.00 | NOTE | |||
r-oldrel-macos-x86_64 | 0.5.0 | 66.00 | NOTE | |||
r-oldrel-windows-x86_64 | 0.5.0 | 72.00 | 81.00 | 153.00 | OK |
Version: 0.5.0
Check: installed package size
Result: NOTE
installed size is 8.8Mb
sub-directories of 1Mb or more:
libs 8.7Mb
Flavors: r-release-macos-arm64, r-oldrel-macos-arm64, r-oldrel-macos-x86_64
These binaries (installable software) and packages are in development.
They may not be fully stable and should be used with caution. We make no claims about them.