Last updated on 2024-07-03 21:51:42 CEST.
Flavor | Version | Tinstall | Tcheck | Ttotal | Status | Flags |
---|---|---|---|---|---|---|
r-devel-linux-x86_64-debian-clang | 2.18.0 | 33.93 | 91.59 | 125.52 | NOTE | |
r-devel-linux-x86_64-debian-gcc | 2.18.0 | 20.85 | 69.74 | 90.59 | NOTE | |
r-devel-linux-x86_64-fedora-clang | 2.18.0 | 177.27 | NOTE | |||
r-devel-linux-x86_64-fedora-gcc | 2.18.0 | 150.34 | NOTE | |||
r-devel-windows-x86_64 | 2.18.0 | 32.00 | 98.00 | 130.00 | NOTE | |
r-patched-linux-x86_64 | 2.18.0 | 26.42 | 89.00 | 115.42 | NOTE | |
r-release-linux-x86_64 | 2.18.0 | 24.35 | 88.17 | 112.52 | NOTE | |
r-release-macos-arm64 | 2.18.0 | 45.00 | NOTE | |||
r-release-macos-x86_64 | 2.18.0 | 59.00 | NOTE | |||
r-release-windows-x86_64 | 2.18.0 | 32.00 | 100.00 | 132.00 | NOTE | |
r-oldrel-macos-arm64 | 2.18.0 | 62.00 | NOTE | |||
r-oldrel-macos-x86_64 | 2.18.0 | 116.00 | NOTE | |||
r-oldrel-windows-x86_64 | 2.18.0 | 33.00 | 137.00 | 170.00 | NOTE |
Version: 2.18.0
Check: package dependencies
Result: NOTE
Package which this enhances but not available for checking: ‘asreml’
Flavors: r-devel-linux-x86_64-debian-clang, r-devel-linux-x86_64-debian-gcc, r-devel-linux-x86_64-fedora-clang, r-devel-linux-x86_64-fedora-gcc, r-devel-windows-x86_64, r-patched-linux-x86_64, r-release-linux-x86_64, r-release-macos-arm64, r-release-macos-x86_64, r-release-windows-x86_64, r-oldrel-macos-arm64, r-oldrel-macos-x86_64, r-oldrel-windows-x86_64
These binaries (installable software) and packages are in development.
They may not be fully stable and should be used with caution. We make no claims about them.