Last updated on 2024-05-04 01:48:51 CEST.
Flavor | Version | Tinstall | Tcheck | Ttotal | Status | Flags |
---|---|---|---|---|---|---|
r-devel-linux-x86_64-debian-clang | 2.4.1 | 9.58 | 116.27 | 125.85 | NOTE | |
r-devel-linux-x86_64-fedora-clang | 2.4.1 | 151.13 | NOTE | |||
r-devel-linux-x86_64-fedora-gcc | 2.4.1 | 155.64 | NOTE | |||
r-devel-windows-x86_64 | 2.4.1 | 9.00 | 94.00 | 103.00 | NOTE | |
r-patched-linux-x86_64 | 2.4.1 | 7.52 | 108.69 | 116.21 | NOTE | |
r-release-linux-x86_64 | 2.4.1 | 5.07 | 109.04 | 114.11 | NOTE | |
r-release-macos-arm64 | 2.4.1 | 54.00 | NOTE | |||
r-release-windows-x86_64 | 2.4.1 | 8.00 | 96.00 | 104.00 | NOTE | |
r-oldrel-macos-arm64 | 2.4.1 | 50.00 | OK | |||
r-oldrel-macos-x86_64 | 2.4.1 | 84.00 | OK | |||
r-oldrel-windows-x86_64 | 2.4.1 | 10.00 | 117.00 | 127.00 | OK |
Version: 2.4.1
Check: Rd files
Result: NOTE
checkRd: (-1) drop_name_crossref.Rd:49: Lost braces; missing escapes or markup?
49 | Takes one or several dois and extracts information from Crossref, then processes them into visual citations with \code{\link{drop_name}}. Requires {rcrossref} > v1.1, see README for further details.
| ^
Flavors: r-devel-linux-x86_64-debian-clang, r-devel-linux-x86_64-fedora-clang, r-devel-linux-x86_64-fedora-gcc, r-devel-windows-x86_64, r-patched-linux-x86_64, r-release-linux-x86_64, r-release-macos-arm64, r-release-windows-x86_64
These binaries (installable software) and packages are in development.
They may not be fully stable and should be used with caution. We make no claims about them.