Last updated on 2024-05-04 01:48:51 CEST.
Flavor | Version | Tinstall | Tcheck | Ttotal | Status | Flags |
---|---|---|---|---|---|---|
r-devel-linux-x86_64-debian-clang | 0.1.4 | 6.74 | 40.27 | 47.01 | OK | |
r-devel-linux-x86_64-fedora-clang | 0.1.4 | 57.75 | NOTE | |||
r-devel-linux-x86_64-fedora-gcc | 0.1.4 | 55.51 | OK | |||
r-devel-windows-x86_64 | 0.1.4 | 7.00 | 52.00 | 59.00 | OK | |
r-patched-linux-x86_64 | 0.1.4 | 5.38 | 38.00 | 43.38 | OK | |
r-release-linux-x86_64 | 0.1.4 | 4.61 | 38.48 | 43.09 | OK | |
r-release-macos-arm64 | 0.1.4 | 20.00 | OK | |||
r-release-windows-x86_64 | 0.1.4 | 5.00 | 49.00 | 54.00 | OK | |
r-oldrel-macos-arm64 | 0.1.4 | 20.00 | OK | |||
r-oldrel-macos-x86_64 | 0.1.4 | 31.00 | OK | |||
r-oldrel-windows-x86_64 | 0.1.4 | 5.00 | 51.00 | 56.00 | OK |
Version: 0.1.4
Check: Rd cross-references
Result: NOTE
Undeclared package ‘CBPS’ in Rd xrefs
Flavor: r-devel-linux-x86_64-fedora-clang
These binaries (installable software) and packages are in development.
They may not be fully stable and should be used with caution. We make no claims about them.