Last updated on 2024-05-04 01:48:51 CEST.
Flavor | Version | Tinstall | Tcheck | Ttotal | Status | Flags |
---|---|---|---|---|---|---|
r-devel-linux-x86_64-debian-clang | 0.1.1 | 10.02 | 56.27 | 66.29 | NOTE | |
r-devel-linux-x86_64-fedora-clang | 0.1.1 | 81.69 | NOTE | |||
r-devel-linux-x86_64-fedora-gcc | 0.1.1 | 76.68 | NOTE | |||
r-devel-windows-x86_64 | 0.1.1 | 9.00 | 62.00 | 71.00 | NOTE | |
r-patched-linux-x86_64 | 0.1.1 | 7.33 | 54.41 | 61.74 | NOTE | |
r-release-linux-x86_64 | 0.1.1 | 5.10 | 51.82 | 56.92 | NOTE | |
r-release-macos-arm64 | 0.1.1 | 27.00 | NOTE | |||
r-release-windows-x86_64 | 0.1.1 | 8.00 | 61.00 | 69.00 | NOTE | |
r-oldrel-macos-arm64 | 0.1.1 | 28.00 | NOTE | |||
r-oldrel-macos-x86_64 | 0.1.1 | 39.00 | NOTE | |||
r-oldrel-windows-x86_64 | 0.1.1 | 10.00 | 70.00 | 80.00 | NOTE |
Version: 0.1.1
Check: LazyData
Result: NOTE
'LazyData' is specified without a 'data' directory
Flavors: r-devel-linux-x86_64-debian-clang, r-devel-linux-x86_64-fedora-clang, r-devel-linux-x86_64-fedora-gcc, r-devel-windows-x86_64, r-patched-linux-x86_64, r-release-linux-x86_64, r-release-macos-arm64, r-release-windows-x86_64, r-oldrel-macos-arm64, r-oldrel-macos-x86_64, r-oldrel-windows-x86_64
Version: 0.1.1
Check: dependencies in R code
Result: NOTE
Namespaces in Imports field not imported from:
‘igraph’ ‘rlang’ ‘tidyselect’
All declared Imports should be used.
Flavors: r-devel-linux-x86_64-fedora-clang, r-devel-linux-x86_64-fedora-gcc
These binaries (installable software) and packages are in development.
They may not be fully stable and should be used with caution. We make no claims about them.