Last updated on 2025-10-23 11:50:20 CEST.
Flavor | Version | Tinstall | Tcheck | Ttotal | Status | Flags |
---|---|---|---|---|---|---|
r-devel-linux-x86_64-debian-clang | 0.1.2 | 35.50 | 243.72 | 279.22 | OK | |
r-devel-linux-x86_64-debian-gcc | 0.1.2 | 25.18 | 170.74 | 195.92 | OK | |
r-devel-linux-x86_64-fedora-clang | 0.1.2 | 80.00 | 354.91 | 434.91 | OK | |
r-devel-linux-x86_64-fedora-gcc | 0.1.2 | 72.00 | 358.38 | 430.38 | OK | |
r-devel-windows-x86_64 | 0.1.2 | 29.00 | 206.00 | 235.00 | OK | |
r-patched-linux-x86_64 | 0.1.2 | 34.25 | 236.95 | 271.20 | OK | |
r-release-linux-x86_64 | 0.1.2 | 32.48 | 234.91 | 267.39 | OK | |
r-release-macos-arm64 | 0.1.2 | 8.00 | 112.00 | 120.00 | OK | |
r-release-macos-x86_64 | 0.1.2 | 22.00 | 194.00 | 216.00 | OK | |
r-release-windows-x86_64 | 0.1.2 | 28.00 | 209.00 | 237.00 | OK | |
r-oldrel-macos-arm64 | 0.1.2 | 9.00 | 97.00 | 106.00 | OK | |
r-oldrel-macos-x86_64 | 0.1.2 | 22.00 | 197.00 | 219.00 | NOTE | |
r-oldrel-windows-x86_64 | 0.1.2 | 39.00 | 273.00 | 312.00 | OK |
Version: 0.1.2
Check: installed package size
Result: NOTE
installed size is 5.0Mb
sub-directories of 1Mb or more:
data_precomputed 4.1Mb
Flavor: r-oldrel-macos-x86_64
These binaries (installable software) and packages are in development.
They may not be fully stable and should be used with caution. We make no claims about them.