Last updated on 2024-05-04 01:48:51 CEST.
Flavor | Version | Tinstall | Tcheck | Ttotal | Status | Flags |
---|---|---|---|---|---|---|
r-devel-linux-x86_64-debian-clang | 0.3.2 | 14.18 | 177.13 | 191.31 | NOTE | |
r-devel-linux-x86_64-fedora-clang | 0.3.2 | 243.14 | NOTE | |||
r-devel-linux-x86_64-fedora-gcc | 0.3.2 | 248.88 | NOTE | |||
r-devel-windows-x86_64 | 0.3.2 | 14.00 | 147.00 | 161.00 | NOTE | |
r-patched-linux-x86_64 | 0.3.2 | 14.35 | 167.13 | 181.48 | NOTE | |
r-release-linux-x86_64 | 0.3.2 | 12.46 | 170.02 | 182.48 | NOTE | |
r-release-macos-arm64 | 0.3.2 | 75.00 | NOTE | |||
r-release-windows-x86_64 | 0.3.2 | 14.00 | 148.00 | 162.00 | NOTE | |
r-oldrel-macos-arm64 | 0.3.2 | 70.00 | OK | |||
r-oldrel-macos-x86_64 | 0.3.2 | 171.00 | OK | |||
r-oldrel-windows-x86_64 | 0.3.2 | 19.00 | 175.00 | 194.00 | OK |
Version: 0.3.2
Check: Rd files
Result: NOTE
checkRd: (-1) GSS.Rd:17: Lost braces
17 | code{2016}.}
| ^
Flavors: r-devel-linux-x86_64-debian-clang, r-devel-linux-x86_64-fedora-clang, r-devel-linux-x86_64-fedora-gcc, r-devel-windows-x86_64, r-patched-linux-x86_64, r-release-linux-x86_64, r-release-macos-arm64, r-release-windows-x86_64
These binaries (installable software) and packages are in development.
They may not be fully stable and should be used with caution. We make no claims about them.