Last updated on 2024-05-04 01:48:51 CEST.
Flavor | Version | Tinstall | Tcheck | Ttotal | Status | Flags |
---|---|---|---|---|---|---|
r-devel-linux-x86_64-debian-clang | 1.0.1 | 10.34 | 73.89 | 84.23 | NOTE | |
r-devel-linux-x86_64-fedora-clang | 1.0.1 | 104.79 | NOTE | |||
r-devel-linux-x86_64-fedora-gcc | 1.0.1 | 99.20 | NOTE | |||
r-devel-windows-x86_64 | 1.0.1 | 9.00 | 72.00 | 81.00 | NOTE | |
r-patched-linux-x86_64 | 1.0.1 | 6.15 | 71.76 | 77.91 | NOTE | |
r-release-linux-x86_64 | 1.0.1 | 6.21 | 72.42 | 78.63 | NOTE | |
r-release-macos-arm64 | 1.0.1 | 38.00 | NOTE | |||
r-release-windows-x86_64 | 1.0.1 | 9.00 | 70.00 | 79.00 | NOTE | |
r-oldrel-macos-arm64 | 1.0.1 | 39.00 | OK | |||
r-oldrel-macos-x86_64 | 1.0.1 | 57.00 | OK | |||
r-oldrel-windows-x86_64 | 1.0.1 | 12.00 | 88.00 | 100.00 | OK |
Version: 1.0.1
Check: Rd files
Result: NOTE
checkRd: (-1) networktree.Rd:56: Lost braces; missing escapes or markup?
56 | with a matrix response {y}. \code{x1} and \code{x2} are used as
| ^
Flavors: r-devel-linux-x86_64-debian-clang, r-devel-linux-x86_64-fedora-clang, r-devel-linux-x86_64-fedora-gcc, r-devel-windows-x86_64, r-patched-linux-x86_64, r-release-linux-x86_64, r-release-macos-arm64, r-release-windows-x86_64
Version: 1.0.1
Check: data for non-ASCII characters
Result: NOTE
Note: found 2 marked Latin-1 strings
Flavors: r-devel-linux-x86_64-fedora-clang, r-devel-linux-x86_64-fedora-gcc
These binaries (installable software) and packages are in development.
They may not be fully stable and should be used with caution. We make no claims about them.