Last updated on 2025-10-23 11:50:20 CEST.
Flavor | Version | Tinstall | Tcheck | Ttotal | Status | Flags |
---|---|---|---|---|---|---|
r-devel-linux-x86_64-debian-clang | 1.0.1 | 6.98 | 62.72 | 69.70 | NOTE | |
r-devel-linux-x86_64-debian-gcc | 1.0.1 | 6.30 | 47.93 | 54.23 | NOTE | |
r-devel-linux-x86_64-fedora-clang | 1.0.1 | 20.00 | 87.27 | 107.27 | NOTE | |
r-devel-linux-x86_64-fedora-gcc | 1.0.1 | 18.00 | 89.72 | 107.72 | NOTE | |
r-devel-windows-x86_64 | 1.0.1 | 9.00 | 74.00 | 83.00 | NOTE | |
r-patched-linux-x86_64 | 1.0.1 | 8.16 | 60.16 | 68.32 | NOTE | |
r-release-linux-x86_64 | 1.0.1 | 7.31 | 60.43 | 67.74 | NOTE | |
r-release-macos-arm64 | 1.0.1 | 4.00 | 32.00 | 36.00 | NOTE | |
r-release-macos-x86_64 | 1.0.1 | 8.00 | 52.00 | 60.00 | NOTE | |
r-release-windows-x86_64 | 1.0.1 | 10.00 | 75.00 | 85.00 | NOTE | |
r-oldrel-macos-arm64 | 1.0.1 | 5.00 | 33.00 | 38.00 | NOTE | |
r-oldrel-macos-x86_64 | 1.0.1 | 7.00 | 46.00 | 53.00 | NOTE | |
r-oldrel-windows-x86_64 | 1.0.1 | 12.00 | 92.00 | 104.00 | NOTE |
Version: 1.0.1
Check: Rd files
Result: NOTE
checkRd: (-1) networktree.Rd:56: Lost braces; missing escapes or markup?
56 | with a matrix response {y}. \code{x1} and \code{x2} are used as
| ^
Flavors: r-devel-linux-x86_64-debian-clang, r-devel-linux-x86_64-debian-gcc, r-devel-linux-x86_64-fedora-clang, r-devel-linux-x86_64-fedora-gcc, r-devel-windows-x86_64, r-patched-linux-x86_64, r-release-linux-x86_64, r-release-macos-arm64, r-release-macos-x86_64, r-release-windows-x86_64, r-oldrel-macos-arm64, r-oldrel-macos-x86_64, r-oldrel-windows-x86_64
Version: 1.0.1
Check: HTML version of manual
Result: NOTE
Found the following HTML validation problems:
cortrafo.html:70:1 (cortrafo.Rd:19): Warning: missing </ul> before </div>
plot.networktree.html:98:1 (plot.networktree.Rd:44): Warning: missing </ul> before </div>
predict.networktree.html:61:1 (predict.networktree.Rd:18): Warning: missing </ul> before </div>
print.networktree.html:60:1 (print.networktree.Rd:17): Warning: missing </ul> before </div>
Flavor: r-devel-linux-x86_64-debian-clang
These binaries (installable software) and packages are in development.
They may not be fully stable and should be used with caution. We make no claims about them.