Last updated on 2025-11-17 05:49:44 CET.
| Flavor | Version | Tinstall | Tcheck | Ttotal | Status | Flags |
|---|---|---|---|---|---|---|
| r-devel-linux-x86_64-debian-clang | 0.1.2 | 5.05 | 48.86 | 53.91 | OK | |
| r-devel-linux-x86_64-debian-gcc | 0.1.2 | 3.89 | 37.14 | 41.03 | NOTE | |
| r-devel-linux-x86_64-fedora-clang | 0.1.2 | 12.00 | 70.01 | 82.01 | OK | |
| r-devel-linux-x86_64-fedora-gcc | 0.1.2 | 12.00 | 78.41 | 90.41 | OK | |
| r-devel-windows-x86_64 | 0.1.2 | 10.00 | 71.00 | 81.00 | OK | |
| r-patched-linux-x86_64 | 0.1.2 | 5.13 | 45.29 | 50.42 | OK | |
| r-release-linux-x86_64 | 0.1.2 | 5.19 | 44.92 | 50.11 | OK | |
| r-release-macos-arm64 | 0.1.2 | 3.00 | 36.00 | 39.00 | OK | |
| r-release-macos-x86_64 | 0.1.2 | 6.00 | 88.00 | 94.00 | OK | |
| r-release-windows-x86_64 | 0.1.2 | 8.00 | 71.00 | 79.00 | OK | |
| r-oldrel-macos-arm64 | 0.1.2 | 2.00 | 38.00 | 40.00 | OK | |
| r-oldrel-macos-x86_64 | 0.1.2 | 4.00 | 51.00 | 55.00 | OK | |
| r-oldrel-windows-x86_64 | 0.1.2 | 10.00 | 84.00 | 94.00 | OK |
Version: 0.1.2
Check: CRAN incoming feasibility
Result: NOTE
Maintainer: ‘Novica Nakov <nnovica@gmail.com>’
The BugReports field in DESCRIPTION has
https://github.com/discindo/newscatcheR/issues/
which should likely be
https://github.com/discindo/newscatcheR/issues/issues
instead.
Flavor: r-devel-linux-x86_64-debian-gcc
These binaries (installable software) and packages are in development.
They may not be fully stable and should be used with caution. We make no claims about them.